CRAN Package Check Results for Package r2dii.data

Last updated on 2022-12-02 19:49:47 CET.

Flavor Version Tinstall Tcheck Ttotal Status Flags
r-devel-linux-x86_64-debian-clang 0.3.1 3.98 38.33 42.31 OK
r-devel-linux-x86_64-debian-gcc 0.3.1 3.32 29.89 33.21 OK
r-devel-linux-x86_64-fedora-clang 0.3.1 62.94 NOTE
r-devel-linux-x86_64-fedora-gcc 0.3.1 59.98 NOTE
r-devel-windows-x86_64 0.3.1 35.00 74.00 109.00 OK
r-patched-linux-x86_64 0.3.1 3.53 35.66 39.19 OK
r-release-linux-x86_64 0.3.1 3.04 36.12 39.16 OK
r-release-macos-arm64 0.3.1 21.00 NOTE
r-release-macos-x86_64 0.3.1 30.00 NOTE
r-release-windows-x86_64 0.3.1 26.00 72.00 98.00 OK
r-oldrel-macos-arm64 0.3.1 24.00 NOTE
r-oldrel-macos-x86_64 0.3.1 36.00 NOTE
r-oldrel-windows-ix86+x86_64 0.3.1 10.00 66.00 76.00 OK

Check Details

Version: 0.3.1
Check: data for non-ASCII characters
Result: NOTE
     Note: found 5 marked UTF-8 strings
Flavors: r-devel-linux-x86_64-fedora-clang, r-devel-linux-x86_64-fedora-gcc, r-release-macos-arm64, r-release-macos-x86_64, r-oldrel-macos-arm64, r-oldrel-macos-x86_64