CRAN Package Check Results for Package rAltmetric

Last updated on 2021-04-16 11:51:25 CEST.

Flavor Version Tinstall Tcheck Ttotal Status Flags
r-devel-linux-x86_64-debian-clang 0.7.0 2.02 26.08 28.10 NOTE
r-devel-linux-x86_64-debian-gcc 0.7.0 1.63 20.52 22.15 NOTE
r-devel-linux-x86_64-fedora-clang 0.7.0 43.55 NOTE
r-devel-linux-x86_64-fedora-gcc 0.7.0 33.54 NOTE
r-devel-windows-ix86+x86_64 0.7.0 6.00 35.00 41.00 NOTE
r-devel-windows-x86_64-gcc10-UCRT 0.7.0 NOTE
r-patched-linux-x86_64 0.7.0 2.11 25.23 27.34 OK
r-patched-solaris-x86 0.7.0 54.20 OK
r-release-linux-x86_64 0.7.0 1.85 25.01 26.86 OK
r-release-macos-x86_64 0.7.0 OK
r-release-windows-ix86+x86_64 0.7.0 15.00 46.00 61.00 OK
r-oldrel-macos-x86_64 0.7.0 OK
r-oldrel-windows-ix86+x86_64 0.7.0 3.00 40.00 43.00 OK

Check Details

Version: 0.7.0
Check: LazyData
Result: NOTE
     'LazyData' is specified without a 'data' directory
Flavors: r-devel-linux-x86_64-debian-clang, r-devel-linux-x86_64-debian-gcc, r-devel-linux-x86_64-fedora-clang, r-devel-linux-x86_64-fedora-gcc, r-devel-windows-ix86+x86_64, r-devel-windows-x86_64-gcc10-UCRT