Last updated on 2023-09-30 13:51:55 CEST.
Flavor | Version | Tinstall | Tcheck | Ttotal | Status | Flags |
---|---|---|---|---|---|---|
r-devel-linux-x86_64-debian-clang | 0.1.6 | 4.63 | 42.95 | 47.58 | NOTE | |
r-devel-linux-x86_64-debian-gcc | 0.1.6 | 3.54 | 32.84 | 36.38 | NOTE | |
r-devel-linux-x86_64-fedora-clang | 0.1.6 | 56.66 | NOTE | |||
r-devel-linux-x86_64-fedora-gcc | 0.1.6 | 70.99 | NOTE | |||
r-devel-windows-x86_64 | 0.1.6 | 5.00 | 55.00 | 60.00 | NOTE | |
r-patched-linux-x86_64 | 0.1.6 | 3.97 | 40.35 | 44.32 | NOTE | |
r-release-linux-x86_64 | 0.1.6 | 3.84 | 41.26 | 45.10 | NOTE | |
r-release-macos-arm64 | 0.1.6 | 27.00 | NOTE | |||
r-release-macos-x86_64 | 0.1.6 | 42.00 | NOTE | |||
r-release-windows-x86_64 | 0.1.6 | 6.00 | 57.00 | 63.00 | NOTE | |
r-oldrel-macos-arm64 | 0.1.6 | 25.00 | NOTE | |||
r-oldrel-macos-x86_64 | 0.1.6 | 30.00 | NOTE | |||
r-oldrel-windows-x86_64 | 0.1.6 | 6.00 | 62.00 | 68.00 | NOTE |
Version: 0.1.6
Check: LazyData
Result: NOTE
'LazyData' is specified without a 'data' directory
Flavors: r-devel-linux-x86_64-debian-clang, r-devel-linux-x86_64-debian-gcc, r-devel-linux-x86_64-fedora-clang, r-devel-linux-x86_64-fedora-gcc, r-devel-windows-x86_64, r-patched-linux-x86_64, r-release-linux-x86_64, r-release-macos-arm64, r-release-macos-x86_64, r-release-windows-x86_64, r-oldrel-macos-arm64, r-oldrel-macos-x86_64, r-oldrel-windows-x86_64