CRAN Package Check Results for Package rCAT

Last updated on 2022-10-03 05:50:55 CEST.

Flavor Version Tinstall Tcheck Ttotal Status Flags
r-devel-linux-x86_64-debian-clang 0.1.6 3.95 42.83 46.78 NOTE
r-devel-linux-x86_64-debian-gcc 0.1.6 3.42 34.06 37.48 NOTE
r-devel-linux-x86_64-fedora-clang 0.1.6 68.61 NOTE
r-devel-linux-x86_64-fedora-gcc 0.1.6 64.38 NOTE
r-devel-windows-x86_64 0.1.6 12.00 76.00 88.00 NOTE
r-patched-linux-x86_64 0.1.6 3.44 42.65 46.09 NOTE
r-release-linux-x86_64 0.1.6 4.40 41.58 45.98 NOTE
r-release-macos-arm64 0.1.6 23.00 NOTE
r-release-macos-x86_64 0.1.6 30.00 NOTE
r-release-windows-x86_64 0.1.6 12.00 73.00 85.00 NOTE
r-oldrel-macos-arm64 0.1.6 27.00 NOTE
r-oldrel-macos-x86_64 0.1.6 36.00 NOTE
r-oldrel-windows-ix86+x86_64 0.1.6 10.00 69.00 79.00 NOTE

Check Details

Version: 0.1.6
Check: LazyData
Result: NOTE
     'LazyData' is specified without a 'data' directory
Flavors: r-devel-linux-x86_64-debian-clang, r-devel-linux-x86_64-debian-gcc, r-devel-linux-x86_64-fedora-clang, r-devel-linux-x86_64-fedora-gcc, r-devel-windows-x86_64, r-patched-linux-x86_64, r-release-linux-x86_64, r-release-macos-arm64, r-release-macos-x86_64, r-release-windows-x86_64, r-oldrel-macos-arm64, r-oldrel-macos-x86_64, r-oldrel-windows-ix86+x86_64