CRAN Package Check Results for Package rDNAse

Last updated on 2020-09-21 16:07:14 CEST.

Flavor Version Tinstall Tcheck Ttotal Status Flags
r-devel-linux-x86_64-debian-clang 1.1-1 3.53 40.96 44.49 OK
r-devel-linux-x86_64-debian-gcc 1.1-1 2.70 31.31 34.01 OK
r-devel-linux-x86_64-fedora-clang 1.1-1 63.97 OK
r-devel-linux-x86_64-fedora-gcc 1.1-1 53.85 OK
r-devel-windows-ix86+x86_64 1.1-1 9.00 58.00 67.00 OK
r-patched-linux-x86_64 1.1-1 3.39 39.60 42.99 OK
r-patched-solaris-x86 1.1-1 66.40 OK
r-release-linux-x86_64 1.1-1 3.42 39.44 42.86 OK
r-release-macos-x86_64 1.1-1 OK
r-release-windows-ix86+x86_64 1.1-1 8.00 58.00 66.00 OK
r-oldrel-macos-x86_64 1.1-1 NOTE
r-oldrel-windows-ix86+x86_64 1.1-1 7.00 64.00 71.00 OK

Check Details

Version: 1.1-1
Check: package dependencies
Result: NOTE
    Packages suggested but not available for checking:
     'Biostrings', 'GOSemSim', 'org.Hs.eg.db'
Flavor: r-oldrel-macos-x86_64