Last updated on 2021-04-15 04:48:53 CEST.
Flavor | Version | Tinstall | Tcheck | Ttotal | Status | Flags |
---|---|---|---|---|---|---|
r-devel-linux-x86_64-debian-clang | 1.0.1 | 2.77 | 28.33 | 31.10 | NOTE | |
r-devel-linux-x86_64-debian-gcc | 1.0.1 | 2.50 | 22.23 | 24.73 | NOTE | |
r-devel-linux-x86_64-fedora-clang | 1.0.1 | 46.48 | NOTE | |||
r-devel-linux-x86_64-fedora-gcc | 1.0.1 | 37.36 | NOTE | |||
r-devel-windows-ix86+x86_64 | 1.0.1 | 8.00 | 38.00 | 46.00 | NOTE | |
r-devel-windows-x86_64-gcc10-UCRT | 1.0.1 | NOTE | ||||
r-patched-linux-x86_64 | 1.0.1 | 2.99 | 26.90 | 29.89 | NOTE | |
r-patched-solaris-x86 | 1.0.1 | 61.30 | NOTE | |||
r-release-linux-x86_64 | 1.0.1 | 3.25 | 27.19 | 30.44 | NOTE | |
r-release-macos-x86_64 | 1.0.1 | NOTE | ||||
r-release-windows-ix86+x86_64 | 1.0.1 | 14.00 | 43.00 | 57.00 | NOTE | |
r-oldrel-macos-x86_64 | 1.0.1 | NOTE | ||||
r-oldrel-windows-ix86+x86_64 | 1.0.1 | 6.00 | 33.00 | 39.00 | NOTE |
Version: 1.0.1
Check: R code for possible problems
Result: NOTE
.quick_fetch: no visible global function definition for 'POST'
.quick_fetch: no visible global function definition for 'add_headers'
.quick_fetch: no visible global function definition for
'stop_for_status'
.quick_fetch: no visible global function definition for 'content'
fetch_healthdata: no visible binding for global variable 'resources'
fetch_healthdata : <anonymous>: no visible binding for global variable
'filters'
Undefined global functions or variables:
POST add_headers content filters resources stop_for_status
Flavors: r-devel-linux-x86_64-debian-clang, r-devel-linux-x86_64-debian-gcc, r-devel-linux-x86_64-fedora-clang, r-devel-linux-x86_64-fedora-gcc, r-devel-windows-ix86+x86_64, r-devel-windows-x86_64-gcc10-UCRT, r-patched-linux-x86_64, r-patched-solaris-x86, r-release-linux-x86_64, r-release-macos-x86_64, r-release-windows-ix86+x86_64, r-oldrel-macos-x86_64, r-oldrel-windows-ix86+x86_64