Last updated on 2023-02-02 18:54:39 CET.
Flavor | Version | Tinstall | Tcheck | Ttotal | Status | Flags |
---|---|---|---|---|---|---|
r-devel-linux-x86_64-debian-clang | 1.1 | 21.88 | 277.68 | 299.56 | OK | |
r-devel-linux-x86_64-debian-gcc | 1.1 | 18.03 | 206.52 | 224.55 | OK | |
r-devel-linux-x86_64-fedora-clang | 1.1 | 365.28 | NOTE | |||
r-devel-linux-x86_64-fedora-gcc | 1.1 | 364.63 | OK | |||
r-devel-windows-x86_64 | 1.1 | 115.00 | 338.00 | 453.00 | NOTE | |
r-patched-linux-x86_64 | 1.1 | 20.13 | 266.66 | 286.79 | OK | |
r-release-linux-x86_64 | 1.1 | 18.90 | 274.38 | 293.28 | OK | |
r-release-macos-arm64 | 1.1 | 99.00 | NOTE | |||
r-release-macos-x86_64 | 1.1 | 174.00 | NOTE | |||
r-release-windows-x86_64 | 1.1 | 85.00 | 379.00 | 464.00 | NOTE | |
r-oldrel-macos-arm64 | 1.1 | 62.00 | NOTE | |||
r-oldrel-macos-x86_64 | 1.1 | 123.00 | NOTE | |||
r-oldrel-windows-ix86+x86_64 | 1.1 | 76.00 | 298.00 | 374.00 | NOTE |
Version: 1.1
Check: installed package size
Result: NOTE
installed size is 24.8Mb
sub-directories of 1Mb or more:
extdata 24.0Mb
Flavors: r-devel-linux-x86_64-fedora-clang, r-devel-windows-x86_64, r-release-macos-arm64, r-release-macos-x86_64, r-release-windows-x86_64, r-oldrel-macos-arm64, r-oldrel-macos-x86_64, r-oldrel-windows-ix86+x86_64