CRAN Package Check Results for Package rLiDAR

Last updated on 2022-01-28 09:53:00 CET.

Flavor Version Tinstall Tcheck Ttotal Status Flags
r-devel-linux-x86_64-debian-clang 0.1.5 36.77 321.59 358.36 OK
r-devel-linux-x86_64-debian-gcc 0.1.5 30.00 236.91 266.91 OK
r-devel-linux-x86_64-fedora-clang 0.1.5 388.03 NOTE
r-devel-linux-x86_64-fedora-gcc 0.1.5 404.82 NOTE
r-devel-windows-x86_64-new-UL 0.1.5 49.00 297.00 346.00 OK
r-devel-windows-x86_64-new-TK 0.1.5 NOTE
r-patched-linux-x86_64 0.1.5 29.23 283.88 313.11 OK
r-release-linux-x86_64 0.1.5 28.51 278.38 306.89 OK
r-release-macos-arm64 0.1.5 NOTE
r-release-macos-x86_64 0.1.5 NOTE
r-release-windows-ix86+x86_64 0.1.5 68.00 300.00 368.00 OK
r-oldrel-macos-x86_64 0.1.5 NOTE
r-oldrel-windows-ix86+x86_64 0.1.5 73.00 310.00 383.00 OK

Check Details

Version: 0.1.5
Check: dependencies in R code
Result: NOTE
    Namespace in Imports field not imported from: ‘rgeos’
     All declared Imports should be used.
Flavors: r-devel-linux-x86_64-fedora-clang, r-devel-linux-x86_64-fedora-gcc, r-devel-windows-x86_64-new-TK, r-release-macos-arm64, r-release-macos-x86_64, r-oldrel-macos-x86_64