CRAN Package Check Results for Package rODE

Last updated on 2019-09-23 16:47:54 CEST.

Flavor Version Tinstall Tcheck Ttotal Status Flags
r-devel-linux-x86_64-debian-clang 0.99.6 4.69 99.87 104.56 OK
r-devel-linux-x86_64-debian-gcc 0.99.6 3.92 71.73 75.65 OK
r-devel-linux-x86_64-fedora-clang 0.99.6 116.45 NOTE
r-devel-linux-x86_64-fedora-gcc 0.99.6 115.58 NOTE
r-devel-windows-ix86+x86_64 0.99.6 21.00 151.00 172.00 OK
r-patched-linux-x86_64 0.99.6 4.64 91.91 96.55 OK
r-patched-solaris-x86 0.99.6 145.60 NOTE
r-release-linux-x86_64 0.99.6 4.66 92.55 97.21 OK
r-release-windows-ix86+x86_64 0.99.6 19.00 141.00 160.00 OK
r-release-osx-x86_64 0.99.6 NOTE
r-oldrel-windows-ix86+x86_64 0.99.6 8.00 89.00 97.00 OK
r-oldrel-osx-x86_64 0.99.6 NOTE

Check Details

Version: 0.99.6
Check: dependencies in R code
Result: NOTE
    Namespace in Imports field not imported from: ‘data.table’
     All declared Imports should be used.
Flavors: r-devel-linux-x86_64-fedora-clang, r-devel-linux-x86_64-fedora-gcc, r-patched-solaris-x86, r-release-osx-x86_64, r-oldrel-osx-x86_64