CRAN Package Check Results for Package rODE

Last updated on 2020-06-01 15:47:54 CEST.

Flavor Version Tinstall Tcheck Ttotal Status Flags
r-devel-linux-x86_64-debian-clang 0.99.6 5.22 116.34 121.56 OK
r-devel-linux-x86_64-debian-gcc 0.99.6 4.27 81.84 86.11 OK
r-devel-linux-x86_64-fedora-clang 0.99.6 146.66 NOTE
r-devel-linux-x86_64-fedora-gcc 0.99.6 140.61 NOTE
r-devel-windows-ix86+x86_64 0.99.6 14.00 154.00 168.00 OK
r-patched-linux-x86_64 0.99.6 5.01 109.76 114.77 OK
r-patched-solaris-x86 0.99.6 167.80 NOTE
r-release-linux-x86_64 0.99.6 5.48 110.65 116.13 OK
r-release-osx-x86_64 0.99.6 NOTE
r-release-windows-ix86+x86_64 0.99.6 11.00 179.00 190.00 OK
r-oldrel-osx-x86_64 0.99.6 NOTE
r-oldrel-windows-ix86+x86_64 0.99.6 18.00 113.00 131.00 OK

Check Details

Version: 0.99.6
Check: dependencies in R code
Result: NOTE
    Namespace in Imports field not imported from: ‘data.table’
     All declared Imports should be used.
Flavors: r-devel-linux-x86_64-fedora-clang, r-devel-linux-x86_64-fedora-gcc, r-patched-solaris-x86, r-release-osx-x86_64, r-oldrel-osx-x86_64