CRAN Package Check Results for Package rPref

Last updated on 2020-12-03 10:49:14 CET.

Flavor Version Tinstall Tcheck Ttotal Status Flags
r-devel-linux-x86_64-debian-clang 1.3 80.39 61.27 141.66 NOTE
r-devel-linux-x86_64-debian-gcc 1.3 49.53 47.78 97.31 NOTE
r-devel-linux-x86_64-fedora-clang 1.3 200.32 NOTE
r-devel-linux-x86_64-fedora-gcc 1.3 190.34 NOTE
r-devel-windows-ix86+x86_64 1.3 180.00 92.00 272.00 NOTE
r-patched-linux-x86_64 1.3 61.87 60.08 121.95 NOTE
r-patched-solaris-x86 1.3 185.20 NOTE
r-release-linux-x86_64 1.3 61.16 60.87 122.03 NOTE
r-release-macos-x86_64 1.3 NOTE
r-release-windows-ix86+x86_64 1.3 142.00 90.00 232.00 NOTE
r-oldrel-macos-x86_64 1.3 NOTE
r-oldrel-windows-ix86+x86_64 1.3 140.00 112.00 252.00 NOTE

Check Details

Version: 1.3
Check: for GNU extensions in Makefiles
Result: NOTE
    GNU make is a SystemRequirements.
Flavors: r-devel-linux-x86_64-debian-clang, r-devel-linux-x86_64-debian-gcc, r-devel-linux-x86_64-fedora-clang, r-devel-linux-x86_64-fedora-gcc, r-devel-windows-ix86+x86_64, r-patched-linux-x86_64, r-patched-solaris-x86, r-release-linux-x86_64, r-release-macos-x86_64, r-release-windows-ix86+x86_64, r-oldrel-macos-x86_64, r-oldrel-windows-ix86+x86_64

Version: 1.3
Check: package dependencies
Result: NOTE
    Packages suggested but not available for checking: 'graph', 'Rgraphviz'
Flavor: r-oldrel-macos-x86_64