CRAN Package Check Results for Package rSPDE

Last updated on 2020-12-05 05:48:24 CET.

Flavor Version Tinstall Tcheck Ttotal Status Flags
r-devel-linux-x86_64-debian-clang 0.4.8 8.63 76.80 85.43 NOTE
r-devel-linux-x86_64-debian-gcc 0.4.8 7.05 60.18 67.23 NOTE
r-devel-linux-x86_64-fedora-clang 0.4.8 461.01 OK
r-devel-linux-x86_64-fedora-gcc 0.4.8 457.10 OK
r-devel-windows-ix86+x86_64 0.4.8 16.00 97.00 113.00 OK
r-patched-linux-x86_64 0.4.8 8.20 70.99 79.19 NOTE
r-patched-solaris-x86 0.4.8 146.70 NOTE
r-release-linux-x86_64 0.4.8 8.69 72.54 81.23 NOTE
r-release-macos-x86_64 0.4.8 NOTE
r-release-windows-ix86+x86_64 0.4.8 16.00 77.00 93.00 OK
r-oldrel-macos-x86_64 0.4.8 NOTE
r-oldrel-windows-ix86+x86_64 0.4.8 15.00 382.00 397.00 OK

Check Details

Version: 0.4.8
Check: package dependencies
Result: NOTE
    Package suggested but not available for checking: 'INLA'
Flavors: r-devel-linux-x86_64-debian-clang, r-devel-linux-x86_64-debian-gcc, r-patched-linux-x86_64, r-patched-solaris-x86, r-release-linux-x86_64, r-release-macos-x86_64, r-oldrel-macos-x86_64