CRAN Package Check Results for Package rUM

Last updated on 2022-01-29 03:59:35 CET.

Flavor Version Tinstall Tcheck Ttotal Status Flags
r-devel-linux-x86_64-debian-clang 0.3.1 10.74 91.70 102.44 OK
r-devel-linux-x86_64-debian-gcc 0.3.1 7.08 67.51 74.59 OK
r-devel-linux-x86_64-fedora-clang 0.3.1 121.28 NOTE
r-devel-linux-x86_64-fedora-gcc 0.3.1 105.19 NOTE
r-devel-windows-x86_64-new-UL 0.3.1 47.00 109.00 156.00 OK
r-devel-windows-x86_64-new-TK 0.3.1 NOTE
r-patched-linux-x86_64 0.3.1 8.08 78.01 86.09 OK
r-release-linux-x86_64 0.3.1 5.55 75.67 81.22 OK
r-release-macos-arm64 0.3.1 NOTE
r-release-macos-x86_64 0.3.1 NOTE
r-release-windows-ix86+x86_64 0.3.1 22.00 95.00 117.00 OK
r-oldrel-macos-x86_64 0.3.1 NOTE
r-oldrel-windows-ix86+x86_64 0.3.1 22.00 97.00 119.00 OK

Check Details

Version: 0.3.1
Check: dependencies in R code
Result: NOTE
    Namespaces in Imports field not imported from:
     ‘bookdown’ ‘rmarkdown’ ‘table1’
     All declared Imports should be used.
Flavors: r-devel-linux-x86_64-fedora-clang, r-devel-linux-x86_64-fedora-gcc, r-devel-windows-x86_64-new-TK, r-release-macos-arm64, r-release-macos-x86_64, r-oldrel-macos-x86_64