Last updated on 2023-12-09 06:48:36 CET.
Flavor | Version | Tinstall | Tcheck | Ttotal | Status | Flags |
---|---|---|---|---|---|---|
r-devel-linux-x86_64-debian-clang | 0.2.5 | 48.83 | 627.27 | 676.10 | OK | |
r-devel-linux-x86_64-debian-gcc | 0.2.5 | 40.54 | 473.14 | 513.68 | OK | |
r-devel-linux-x86_64-fedora-clang | 0.2.5 | 762.83 | NOTE | |||
r-devel-linux-x86_64-fedora-gcc | 0.2.5 | 786.92 | OK | |||
r-devel-windows-x86_64 | 0.2.5 | 48.00 | 450.00 | 498.00 | OK | |
r-patched-linux-x86_64 | 0.2.5 | 43.18 | 604.71 | 647.89 | OK | |
r-release-linux-x86_64 | 0.2.5 | 37.51 | 599.53 | 637.04 | OK | |
r-release-macos-arm64 | 0.2.5 | 233.00 | OK | |||
r-release-macos-x86_64 | 0.2.5 | 343.00 | OK | |||
r-release-windows-x86_64 | 0.2.5 | 64.00 | 556.00 | 620.00 | OK | |
r-oldrel-macos-arm64 | 0.2.5 | 168.00 | OK | |||
r-oldrel-macos-x86_64 | 0.2.5 | 277.00 | OK | |||
r-oldrel-windows-x86_64 | 0.2.5 | 57.00 | 497.00 | 554.00 | OK |
Version: 0.2.5
Check: package dependencies
Result: NOTE
Imports includes 21 non-default packages.
Importing from so many packages makes the package vulnerable to any of
them becoming unavailable. Move as many as possible to Suggests and
use conditionally.
Flavor: r-devel-linux-x86_64-fedora-clang