CRAN Package Check Results for Package rabhit

Last updated on 2022-11-30 09:52:38 CET.

Flavor Version Tinstall Tcheck Ttotal Status Flags
r-devel-linux-x86_64-debian-clang 0.2.4 50.02 585.93 635.95 OK
r-devel-linux-x86_64-debian-gcc 0.2.4 38.90 442.52 481.42 OK
r-devel-linux-x86_64-fedora-clang 0.2.4 695.87 NOTE
r-devel-linux-x86_64-fedora-gcc 0.2.4 826.38 OK
r-devel-windows-x86_64 0.2.4 317.00 621.00 938.00 OK
r-patched-linux-x86_64 0.2.4 46.34 555.34 601.68 OK
r-release-linux-x86_64 0.2.4 43.66 563.64 607.30 OK
r-release-macos-arm64 0.2.4 150.00 OK
r-release-macos-x86_64 0.2.4 251.00 OK
r-release-windows-x86_64 0.2.4 224.00 614.00 838.00 OK
r-oldrel-macos-arm64 0.2.4 150.00 OK
r-oldrel-macos-x86_64 0.2.4 248.00 OK
r-oldrel-windows-ix86+x86_64 0.2.4 100.00 603.00 703.00 OK

Check Details

Version: 0.2.4
Check: package dependencies
Result: NOTE
    Imports includes 21 non-default packages.
    Importing from so many packages makes the package vulnerable to any of
    them becoming unavailable. Move as many as possible to Suggests and
    use conditionally.
Flavor: r-devel-linux-x86_64-fedora-clang