CRAN Package Check Results for Package rabi

Last updated on 2024-05-23 03:52:09 CEST.

Flavor Version Tinstall Tcheck Ttotal Status Flags
r-devel-linux-x86_64-debian-clang 1.0.2 5.02 47.95 52.97 NOTE
r-devel-linux-x86_64-debian-gcc 1.0.2 3.36 54.62 57.98 NOTE
r-devel-linux-x86_64-fedora-clang 1.0.2 76.05 NOTE
r-devel-linux-x86_64-fedora-gcc 1.0.2 82.45 NOTE
r-devel-windows-x86_64 1.0.2 5.00 58.00 63.00 NOTE
r-patched-linux-x86_64 1.0.2 4.28 52.98 57.26 NOTE
r-release-linux-x86_64 1.0.2 3.19 60.54 63.73 NOTE
r-release-macos-arm64 1.0.2 29.00 NOTE
r-release-windows-x86_64 1.0.2 6.00 59.00 65.00 NOTE
r-oldrel-macos-arm64 1.0.2 30.00 NOTE
r-oldrel-macos-x86_64 1.0.2 46.00 NOTE
r-oldrel-windows-x86_64 1.0.2 7.00 64.00 71.00 NOTE

Check Details

Version: 1.0.2
Check: LazyData
Result: NOTE 'LazyData' is specified without a 'data' directory Flavors: r-devel-linux-x86_64-debian-clang, r-devel-linux-x86_64-debian-gcc, r-devel-linux-x86_64-fedora-clang, r-devel-linux-x86_64-fedora-gcc, r-devel-windows-x86_64, r-patched-linux-x86_64, r-release-linux-x86_64, r-release-macos-arm64, r-release-windows-x86_64, r-oldrel-macos-arm64, r-oldrel-macos-x86_64, r-oldrel-windows-x86_64