CRAN Package Check Results for Package radiant.model

Last updated on 2020-10-26 07:50:00 CET.

Flavor Version Tinstall Tcheck Ttotal Status Flags
r-devel-linux-x86_64-debian-clang 1.3.14 25.07 223.02 248.09 OK
r-devel-linux-x86_64-debian-gcc 1.3.14 22.74 172.35 195.09 OK
r-devel-linux-x86_64-fedora-clang 1.3.14 295.11 NOTE
r-devel-linux-x86_64-fedora-gcc 1.3.14 291.78 OK
r-devel-windows-ix86+x86_64 1.3.14 54.00 261.00 315.00 OK
r-patched-linux-x86_64 1.3.14 25.00 198.74 223.74 OK
r-patched-solaris-x86 1.3.14 386.40 NOTE
r-release-linux-x86_64 1.3.14 24.36 202.33 226.69 OK
r-release-macos-x86_64 1.3.14 OK
r-release-windows-ix86+x86_64 1.3.14 39.00 184.00 223.00 OK
r-oldrel-macos-x86_64 1.3.14 OK
r-oldrel-windows-ix86+x86_64 1.3.14 48.00 178.00 226.00 OK

Check Details

Version: 1.3.14
Check: package dependencies
Result: NOTE
    Imports includes 26 non-default packages.
    Importing from so many packages makes the package vulnerable to any of
    them becoming unavailable. Move as many as possible to Suggests and
    use conditionally.
Flavor: r-devel-linux-x86_64-fedora-clang

Version: 1.3.14
Check: package dependencies
Result: NOTE
    Package suggested but not available for checking: ‘pkgdown’
Flavor: r-patched-solaris-x86