CRAN Package Check Results for Package radiant.multivariate

Last updated on 2020-12-05 02:49:53 CET.

Flavor Version Tinstall Tcheck Ttotal Status Flags
r-devel-linux-x86_64-debian-clang 1.3.5 19.67 160.46 180.13 OK
r-devel-linux-x86_64-debian-gcc 1.3.5 16.42 123.46 139.88 OK
r-devel-linux-x86_64-fedora-clang 1.3.5 215.06 OK
r-devel-linux-x86_64-fedora-gcc 1.3.5 216.20 OK
r-devel-windows-ix86+x86_64 1.3.5 44.00 191.00 235.00 OK
r-patched-linux-x86_64 1.3.5 13.69 147.62 161.31 OK
r-patched-solaris-x86 1.3.5 281.50 NOTE
r-release-linux-x86_64 1.3.5 13.63 148.19 161.82 OK
r-release-macos-x86_64 1.3.5 OK
r-release-windows-ix86+x86_64 1.3.5 36.00 144.00 180.00 OK
r-oldrel-macos-x86_64 1.3.5 OK
r-oldrel-windows-ix86+x86_64 1.3.5 38.00 137.00 175.00 OK

Check Details

Version: 1.3.5
Check: installed package size
Result: NOTE
     installed size is 6.3Mb
     sub-directories of 1Mb or more:
     app 6.0Mb
Flavor: r-patched-solaris-x86