CRAN Package Check Results for Package rainfarmr

Last updated on 2021-12-04 10:52:41 CET.

Flavor Version Tinstall Tcheck Ttotal Status Flags
r-devel-linux-x86_64-debian-clang 0.1 2.48 31.13 33.61 NOTE
r-devel-linux-x86_64-debian-gcc 0.1 2.15 24.57 26.72 NOTE
r-devel-linux-x86_64-fedora-clang 0.1 41.69 NOTE
r-devel-linux-x86_64-fedora-gcc 0.1 31.20 NOTE
r-devel-windows-x86_64-new-UL 0.1 7.00 53.00 60.00 NOTE
r-devel-windows-x86_64-new-TK 0.1 NOTE
r-devel-windows-x86_64-old 0.1 5.00 30.00 35.00 NOTE
r-patched-linux-x86_64 0.1 2.65 21.66 24.31 NOTE
r-release-linux-x86_64 0.1 2.37 22.02 24.39 NOTE
r-release-macos-arm64 0.1 NOTE
r-release-macos-x86_64 0.1 NOTE
r-release-windows-ix86+x86_64 0.1 6.00 27.00 33.00 NOTE
r-oldrel-macos-x86_64 0.1 OK
r-oldrel-windows-ix86+x86_64 0.1 5.00 26.00 31.00 OK

Check Details

Version: 0.1
Check: LazyData
Result: NOTE
     'LazyData' is specified without a 'data' directory
Flavors: r-devel-linux-x86_64-debian-clang, r-devel-linux-x86_64-debian-gcc, r-devel-linux-x86_64-fedora-clang, r-devel-linux-x86_64-fedora-gcc, r-devel-windows-x86_64-new-UL, r-devel-windows-x86_64-new-TK, r-devel-windows-x86_64-old, r-patched-linux-x86_64, r-release-linux-x86_64, r-release-macos-arm64, r-release-macos-x86_64, r-release-windows-ix86+x86_64