CRAN Package Check Results for Package ramlegacy

Last updated on 2022-12-03 17:51:42 CET.

Flavor Version Tinstall Tcheck Ttotal Status Flags
r-devel-linux-x86_64-debian-clang 0.2.0 2.90 32.92 35.82 NOTE
r-devel-linux-x86_64-debian-gcc 0.2.0 1.97 26.20 28.17 NOTE
r-devel-linux-x86_64-fedora-clang 0.2.0 56.51 NOTE
r-devel-linux-x86_64-fedora-gcc 0.2.0 53.73 NOTE
r-devel-windows-x86_64 0.2.0 17.00 67.00 84.00 NOTE
r-patched-linux-x86_64 0.2.0 1.79 31.33 33.12 NOTE
r-release-linux-x86_64 0.2.0 1.82 30.56 32.38 NOTE
r-release-macos-arm64 0.2.0 22.00 NOTE
r-release-macos-x86_64 0.2.0 36.00 NOTE
r-release-windows-x86_64 0.2.0 14.00 70.00 84.00 NOTE
r-oldrel-macos-arm64 0.2.0 26.00 NOTE
r-oldrel-macos-x86_64 0.2.0 35.00 NOTE
r-oldrel-windows-ix86+x86_64 0.2.0 7.00 59.00 66.00 NOTE

Check Details

Version: 0.2.0
Check: LazyData
Result: NOTE
     'LazyData' is specified without a 'data' directory
Flavors: r-devel-linux-x86_64-debian-clang, r-devel-linux-x86_64-debian-gcc, r-devel-linux-x86_64-fedora-clang, r-devel-linux-x86_64-fedora-gcc, r-devel-windows-x86_64, r-patched-linux-x86_64, r-release-linux-x86_64, r-release-macos-arm64, r-release-macos-x86_64, r-release-windows-x86_64, r-oldrel-macos-arm64, r-oldrel-macos-x86_64, r-oldrel-windows-ix86+x86_64