CRAN Package Check Results for Package randomForest

Last updated on 2019-12-11 04:48:27 CET.

Flavor Version Tinstall Tcheck Ttotal Status Flags
r-devel-linux-x86_64-debian-clang 4.6-14 7.30 33.99 41.29 WARN
r-devel-linux-x86_64-debian-gcc 4.6-14 5.80 26.69 32.49 OK
r-devel-linux-x86_64-fedora-clang 4.6-14 52.73 WARN
r-devel-linux-x86_64-fedora-gcc 4.6-14 49.71 OK
r-devel-windows-ix86+x86_64 4.6-14 23.00 77.00 100.00 OK
r-devel-windows-ix86+x86_64-gcc8 4.6-14 21.00 82.00 103.00 OK
r-patched-linux-x86_64 4.6-14 5.91 31.42 37.33 OK
r-patched-solaris-x86 4.6-14 67.30 OK
r-release-linux-x86_64 4.6-14 5.81 31.93 37.74 OK
r-release-windows-ix86+x86_64 4.6-14 27.00 61.00 88.00 OK
r-release-osx-x86_64 4.6-14 OK
r-oldrel-windows-ix86+x86_64 4.6-14 16.00 52.00 68.00 OK
r-oldrel-osx-x86_64 4.6-14 OK

Check Details

Version: 4.6-14
Check: whether package can be installed
Result: WARN
    Found the following significant warnings:
     rf.c:460:17: warning: expression result unused [-Wunused-value]
Flavors: r-devel-linux-x86_64-debian-clang, r-devel-linux-x86_64-fedora-clang