CRAN Package Check Results for Package randomForestExplainer

Last updated on 2022-12-03 18:56:06 CET.

Flavor Version Tinstall Tcheck Ttotal Status Flags
r-devel-linux-x86_64-debian-clang 0.10.1 9.22 293.14 302.36 NOTE
r-devel-linux-x86_64-debian-gcc 0.10.1 6.66 209.83 216.49 NOTE
r-devel-linux-x86_64-fedora-clang 0.10.1 361.11 NOTE
r-devel-linux-x86_64-fedora-gcc 0.10.1 354.68 NOTE
r-devel-windows-x86_64 0.10.1 71.00 312.00 383.00 NOTE
r-patched-linux-x86_64 0.10.1 6.56 266.69 273.25 NOTE
r-release-linux-x86_64 0.10.1 7.09 275.59 282.68 NOTE
r-release-macos-arm64 0.10.1 83.00 NOTE
r-release-macos-x86_64 0.10.1 180.00 NOTE
r-release-windows-x86_64 0.10.1 14.00 326.00 340.00 NOTE
r-oldrel-macos-arm64 0.10.1 127.00 NOTE
r-oldrel-macos-x86_64 0.10.1 108.00 NOTE
r-oldrel-windows-ix86+x86_64 0.10.1 20.00 313.00 333.00 NOTE

Check Details

Version: 0.10.1
Check: LazyData
Result: NOTE
     'LazyData' is specified without a 'data' directory
Flavors: r-devel-linux-x86_64-debian-clang, r-devel-linux-x86_64-debian-gcc, r-devel-linux-x86_64-fedora-clang, r-devel-linux-x86_64-fedora-gcc, r-devel-windows-x86_64, r-patched-linux-x86_64, r-release-linux-x86_64, r-release-macos-arm64, r-release-macos-x86_64, r-release-windows-x86_64, r-oldrel-macos-arm64, r-oldrel-macos-x86_64, r-oldrel-windows-ix86+x86_64