CRAN Package Check Results for Package randomcoloR

Last updated on 2022-08-15 04:50:24 CEST.

Flavor Version Tinstall Tcheck Ttotal Status Flags
r-devel-linux-x86_64-debian-clang 1.1.0.1 3.11 39.66 42.77 NOTE
r-devel-linux-x86_64-debian-gcc 1.1.0.1 3.19 31.31 34.50 NOTE
r-devel-linux-x86_64-fedora-clang 1.1.0.1 62.67 NOTE
r-devel-linux-x86_64-fedora-gcc 1.1.0.1 62.39 NOTE
r-devel-windows-x86_64 1.1.0.1 12.00 67.00 79.00 NOTE
r-patched-linux-x86_64 1.1.0.1 3.64 38.27 41.91 NOTE
r-release-linux-x86_64 1.1.0.1 2.81 38.89 41.70 NOTE
r-release-macos-arm64 1.1.0.1 21.00 NOTE
r-release-macos-x86_64 1.1.0.1 29.00 NOTE
r-release-windows-x86_64 1.1.0.1 20.00 69.00 89.00 NOTE
r-oldrel-macos-arm64 1.1.0.1 26.00 NOTE
r-oldrel-macos-x86_64 1.1.0.1 34.00 NOTE
r-oldrel-windows-ix86+x86_64 1.1.0.1 13.00 74.00 87.00 NOTE

Check Details

Version: 1.1.0.1
Check: LazyData
Result: NOTE
     'LazyData' is specified without a 'data' directory
Flavors: r-devel-linux-x86_64-debian-clang, r-devel-linux-x86_64-debian-gcc, r-devel-linux-x86_64-fedora-clang, r-devel-linux-x86_64-fedora-gcc, r-devel-windows-x86_64, r-patched-linux-x86_64, r-release-linux-x86_64, r-release-macos-arm64, r-release-macos-x86_64, r-release-windows-x86_64, r-oldrel-macos-arm64, r-oldrel-macos-x86_64, r-oldrel-windows-ix86+x86_64