CRAN Package Check Results for Package rangeBuilder

Last updated on 2024-07-22 12:53:50 CEST.

Flavor Version Tinstall Tcheck Ttotal Status Flags
r-devel-linux-x86_64-debian-clang 2.1 20.74 75.07 95.81 NOTE
r-devel-linux-x86_64-debian-gcc 2.1 14.50 54.56 69.06 NOTE
r-devel-linux-x86_64-fedora-clang 2.1 133.08 NOTE
r-devel-linux-x86_64-fedora-gcc 2.1 117.09 NOTE
r-devel-windows-x86_64 2.1 20.00 89.00 109.00 NOTE
r-patched-linux-x86_64 2.1 26.61 69.16 95.77 NOTE
r-release-linux-x86_64 2.1 16.23 70.23 86.46 NOTE
r-release-macos-arm64 2.1 41.00 NOTE
r-release-macos-x86_64 2.1 60.00 NOTE
r-release-windows-x86_64 2.1 24.00 92.00 116.00 NOTE
r-oldrel-macos-arm64 2.1 43.00 OK
r-oldrel-macos-x86_64 2.1 64.00 OK
r-oldrel-windows-x86_64 2.1 29.00 106.00 135.00 OK

Check Details

Version: 2.1
Check: Rd files
Result: NOTE checkRd: (-1) addRasterLegend.Rd:89: Lost braces in \itemize; \value handles \item{}{} directly checkRd: (-1) addRasterLegend.Rd:90: Lost braces in \itemize; \value handles \item{}{} directly checkRd: (-1) addRasterLegend.Rd:91: Lost braces in \itemize; \value handles \item{}{} directly checkRd: (-1) addRasterLegend.Rd:92: Lost braces in \itemize; \value handles \item{}{} directly checkRd: (-1) addRasterLegend.Rd:93: Lost braces in \itemize; \value handles \item{}{} directly Flavors: r-devel-linux-x86_64-debian-clang, r-devel-linux-x86_64-debian-gcc, r-devel-linux-x86_64-fedora-clang, r-devel-linux-x86_64-fedora-gcc, r-devel-windows-x86_64, r-patched-linux-x86_64, r-release-linux-x86_64, r-release-macos-arm64, r-release-macos-x86_64, r-release-windows-x86_64

Version: 2.1
Check: Rd cross-references
Result: NOTE Found the following Rd file(s) with Rd \link{} targets missing package anchors: getDynamicAlphaHull.Rd: ahull Please provide package anchors for all Rd \link{} targets not in the package itself and the base packages. Flavors: r-devel-linux-x86_64-debian-gcc, r-devel-windows-x86_64