CRAN Package Check Results for Package ranger

Last updated on 2020-01-17 13:47:35 CET.

Flavor Version Tinstall Tcheck Ttotal Status Flags
r-devel-linux-x86_64-debian-clang 0.12.1 93.47 99.35 192.82 OK
r-devel-linux-x86_64-debian-gcc 0.12.1 73.48 78.02 151.50 OK
r-devel-linux-x86_64-fedora-clang 0.12.1 274.36 NOTE
r-devel-linux-x86_64-fedora-gcc 0.12.1 258.98 OK
r-devel-windows-ix86+x86_64 0.12.1 235.00 211.00 446.00 OK
r-devel-windows-ix86+x86_64-gcc8 0.12.1 197.00 203.00 400.00 OK
r-patched-linux-x86_64 0.12.1 85.90 91.05 176.95 OK
r-patched-solaris-x86 0.12.1 338.60 OK
r-release-linux-x86_64 0.12.1 80.10 92.74 172.84 OK
r-release-windows-ix86+x86_64 0.12.1 252.00 176.00 428.00 OK
r-release-osx-x86_64 0.12.1 NOTE
r-oldrel-windows-ix86+x86_64 0.12.1 246.00 194.00 440.00 OK
r-oldrel-osx-x86_64 0.12.1 NOTE

Check Details

Version: 0.12.1
Check: installed package size
Result: NOTE
     installed size is 7.9Mb
     sub-directories of 1Mb or more:
     libs 7.7Mb
Flavors: r-devel-linux-x86_64-fedora-clang, r-release-osx-x86_64, r-oldrel-osx-x86_64