CRAN Package Check Results for Package ranger

Last updated on 2021-01-25 20:49:33 CET.

Flavor Version Tinstall Tcheck Ttotal Status Flags
r-devel-linux-x86_64-debian-clang 0.12.1 107.54 105.25 212.79 OK
r-devel-linux-x86_64-debian-gcc 0.12.1 74.23 81.30 155.53 OK
r-devel-linux-x86_64-fedora-clang 0.12.1 296.75 NOTE
r-devel-linux-x86_64-fedora-gcc 0.12.1 261.14 OK
r-devel-windows-ix86+x86_64 0.12.1 240.00 186.00 426.00 OK
r-patched-linux-x86_64 0.12.1 96.17 100.11 196.28 OK
r-patched-solaris-x86 0.12.1 355.90 OK
r-release-linux-x86_64 0.12.1 88.28 101.70 189.98 OK
r-release-macos-x86_64 0.12.1 NOTE
r-release-windows-ix86+x86_64 0.12.1 236.00 140.00 376.00 OK
r-oldrel-macos-x86_64 0.12.1 NOTE
r-oldrel-windows-ix86+x86_64 0.12.1 201.00 246.00 447.00 OK

Check Details

Version: 0.12.1
Check: installed package size
Result: NOTE
     installed size is 8.6Mb
     sub-directories of 1Mb or more:
     libs 8.3Mb
Flavors: r-devel-linux-x86_64-fedora-clang, r-release-macos-x86_64, r-oldrel-macos-x86_64