CRAN Package Check Results for Package rappdirs

Last updated on 2019-09-18 19:46:36 CEST.

Flavor Version Tinstall Tcheck Ttotal Status Flags
r-devel-linux-x86_64-debian-clang 0.3.1 2.23 20.51 22.74 OK
r-devel-linux-x86_64-debian-gcc 0.3.1 1.61 17.00 18.61 OK
r-devel-linux-x86_64-fedora-clang 0.3.1 29.85 NOTE
r-devel-linux-x86_64-fedora-gcc 0.3.1 31.27 NOTE
r-devel-windows-ix86+x86_64 0.3.1 17.00 125.00 142.00 OK
r-patched-linux-x86_64 0.3.1 2.10 20.51 22.61 OK
r-patched-solaris-x86 0.3.1 44.70 OK
r-release-linux-x86_64 0.3.1 2.11 20.81 22.92 OK
r-release-windows-ix86+x86_64 0.3.1 11.00 55.00 66.00 OK
r-release-osx-x86_64 0.3.1 OK
r-oldrel-windows-ix86+x86_64 0.3.1 9.00 39.00 48.00 OK
r-oldrel-osx-x86_64 0.3.1 OK

Check Details

Version: 0.3.1
Check: compiled code
Result: NOTE
    File ‘rappdirs/libs/rappdirs.so’:
     Found no calls to: ‘R_registerRoutines’, ‘R_useDynamicSymbols’
    
    It is good practice to register native routines and to disable symbol
    search.
    
    See ‘Writing portable packages’ in the ‘Writing R Extensions’ manual.
Flavors: r-devel-linux-x86_64-fedora-clang, r-devel-linux-x86_64-fedora-gcc