Last updated on 2023-03-27 22:52:25 CEST.
Flavor | Version | Tinstall | Tcheck | Ttotal | Status | Flags |
---|---|---|---|---|---|---|
r-devel-linux-x86_64-debian-clang | 1.0.0 | 247.27 | 431.18 | 678.45 | NOTE | |
r-devel-linux-x86_64-debian-gcc | 1.0.0 | 182.20 | 315.59 | 497.79 | NOTE | |
r-devel-linux-x86_64-fedora-clang | 1.0.0 | 796.27 | NOTE | |||
r-devel-linux-x86_64-fedora-gcc | 1.0.0 | 744.72 | NOTE | |||
r-patched-linux-x86_64 | 1.0.0 | 192.84 | 410.86 | 603.70 | NOTE | |
r-release-linux-x86_64 | 1.0.0 | 137.34 | 390.83 | 528.17 | NOTE | |
r-release-macos-arm64 | 1.0.0 | 155.00 | NOTE | |||
r-release-macos-x86_64 | 1.0.0 | 249.00 | NOTE | |||
r-release-windows-x86_64 | 1.0.0 | 218.00 | 460.00 | 678.00 | NOTE | |
r-oldrel-macos-arm64 | 1.0.0 | 130.00 | NOTE | |||
r-oldrel-macos-x86_64 | 1.0.0 | 242.00 | NOTE | |||
r-oldrel-windows-ix86+x86_64 | 1.0.0 | 499.00 | 612.00 | 1111.00 | NOTE |
Version: 1.0.0
Check: package dependencies
Result: NOTE
Package suggested but not available for checking: ‘gurobi’
Flavors: r-devel-linux-x86_64-debian-clang, r-devel-linux-x86_64-debian-gcc, r-devel-linux-x86_64-fedora-clang, r-devel-linux-x86_64-fedora-gcc, r-patched-linux-x86_64, r-release-linux-x86_64, r-release-macos-arm64, r-release-macos-x86_64, r-release-windows-x86_64, r-oldrel-macos-arm64, r-oldrel-macos-x86_64, r-oldrel-windows-ix86+x86_64
Version: 1.0.0
Check: installed package size
Result: NOTE
installed size is 7.4Mb
sub-directories of 1Mb or more:
doc 1.7Mb
extdata 4.2Mb
Flavors: r-devel-linux-x86_64-fedora-clang, r-release-macos-arm64, r-release-macos-x86_64, r-release-windows-x86_64, r-oldrel-macos-arm64, r-oldrel-macos-x86_64, r-oldrel-windows-ix86+x86_64