CRAN Package Check Results for Package rassta

Last updated on 2021-12-08 21:51:08 CET.

Flavor Version Tinstall Tcheck Ttotal Status Flags
r-devel-linux-x86_64-debian-clang 1.0.1 4.46 103.39 107.85 OK
r-devel-linux-x86_64-debian-gcc 1.0.1 3.89 80.98 84.87 OK
r-devel-linux-x86_64-fedora-clang 1.0.1 126.85 NOTE
r-devel-linux-x86_64-fedora-gcc 1.0.1 116.96 OK
r-devel-windows-x86_64-new-UL 1.0.1 15.00 141.00 156.00 OK
r-devel-windows-x86_64-new-TK 1.0.1 OK
r-devel-windows-x86_64-old 1.0.1 35.00 93.00 128.00 OK
r-patched-linux-x86_64 1.0.1 4.90 95.95 100.85 OK
r-release-linux-x86_64 1.0.1 4.58 95.53 100.11 OK
r-release-macos-arm64 1.0.1 OK
r-release-macos-x86_64 1.0.1 OK
r-release-windows-ix86+x86_64 1.0.1 9.00 108.00 117.00 OK
r-oldrel-macos-x86_64 1.0.1 ERROR
r-oldrel-windows-ix86+x86_64 1.0.1 10.00 8.00 18.00 ERROR

Check Details

Version: 1.0.1
Check: Rd cross-references
Result: NOTE
    Undeclared package ‘htmlwidgets’ in Rd xrefs
Flavor: r-devel-linux-x86_64-fedora-clang

Version: 1.0.1
Check: package dependencies
Result: ERROR
    Packages required and available but unsuitable versions:
     'grDevices', 'stats', 'utils'
    
    See section ‘The DESCRIPTION file’ in the ‘Writing R Extensions’
    manual.
Flavors: r-oldrel-macos-x86_64, r-oldrel-windows-ix86+x86_64