CRAN Package Check Results for Package raster

Last updated on 2020-06-06 15:48:32 CEST.

Flavor Version Tinstall Tcheck Ttotal Status Flags
r-devel-linux-x86_64-debian-clang 3.1-5 216.29 274.24 490.53 OK
r-devel-linux-x86_64-debian-gcc 3.1-5 163.67 206.87 370.54 OK
r-devel-linux-x86_64-fedora-clang 3.1-5 664.67 NOTE
r-devel-linux-x86_64-fedora-gcc 3.1-5 589.91 OK
r-devel-windows-ix86+x86_64 3.1-5 379.00 502.00 881.00 NOTE
r-patched-linux-x86_64 3.1-5 173.25 274.79 448.04 OK
r-patched-solaris-x86 3.1-5 589.40 OK
r-release-linux-x86_64 3.1-5 168.10 275.62 443.72 OK
r-release-osx-x86_64 3.1-5 NOTE
r-release-windows-ix86+x86_64 3.1-5 379.00 491.00 870.00 NOTE
r-oldrel-osx-x86_64 3.1-5 NOTE
r-oldrel-windows-ix86+x86_64 3.1-5 492.00 358.00 850.00 NOTE

Check Details

Version: 3.1-5
Check: installed package size
Result: NOTE
     installed size is 11.2Mb
     sub-directories of 1Mb or more:
     R 2.5Mb
     libs 7.7Mb
Flavors: r-devel-linux-x86_64-fedora-clang, r-devel-windows-ix86+x86_64, r-release-osx-x86_64, r-release-windows-ix86+x86_64, r-oldrel-osx-x86_64, r-oldrel-windows-ix86+x86_64

Version: 3.1-5
Check: dependencies in R code
Result: NOTE
    No protocol specified
    No protocol specified
Flavor: r-oldrel-osx-x86_64