CRAN Package Check Results for Package raster

Last updated on 2021-09-17 07:51:40 CEST.

Flavor Version Tinstall Tcheck Ttotal Status Flags
r-devel-linux-x86_64-debian-clang 3.4-13 231.65 301.04 532.69 OK
r-devel-linux-x86_64-debian-gcc 3.4-13 151.71 218.85 370.56 OK
r-devel-linux-x86_64-fedora-clang 3.4-13 693.98 NOTE
r-devel-linux-x86_64-fedora-gcc 3.4-13 626.24 OK
r-devel-windows-x86_64 3.4-13 205.00 364.00 569.00 OK
r-devel-windows-x86_64-gcc10-UCRT 3.4-13 OK
r-patched-linux-x86_64 3.4-13 182.95 285.16 468.11 OK
r-patched-solaris-x86 3.4-13 631.60 OK
r-release-linux-x86_64 3.4-13 177.14 286.35 463.49 OK
r-release-macos-arm64 3.4-13 NOTE
r-release-macos-x86_64 3.4-13 NOTE
r-release-windows-ix86+x86_64 3.4-13 466.00 364.00 830.00 NOTE
r-oldrel-macos-x86_64 3.4-13 NOTE
r-oldrel-windows-ix86+x86_64 3.4-13 341.00 484.00 825.00 NOTE

Check Details

Version: 3.4-13
Check: installed package size
Result: NOTE
     installed size is 9.6Mb
     sub-directories of 1Mb or more:
     R 2.6Mb
     libs 6.0Mb
Flavors: r-devel-linux-x86_64-fedora-clang, r-release-macos-arm64, r-release-macos-x86_64, r-release-windows-ix86+x86_64, r-oldrel-macos-x86_64, r-oldrel-windows-ix86+x86_64

Version: 3.4-13
Check: Rd cross-references
Result: NOTE
    Package unavailable to check Rd xrefs: ‘rgdal’
Flavor: r-release-macos-x86_64