CRAN Package Check Results for Package raster

Last updated on 2019-10-22 23:47:34 CEST.

Flavor Version Tinstall Tcheck Ttotal Status Flags
r-devel-linux-x86_64-debian-clang 3.0-7 207.21 241.36 448.57 OK
r-devel-linux-x86_64-debian-gcc 3.0-7 146.70 184.60 331.30 OK
r-devel-linux-x86_64-fedora-clang 3.0-7 580.65 NOTE
r-devel-linux-x86_64-fedora-gcc 3.0-7 538.09 OK
r-devel-windows-ix86+x86_64 3.0-7 499.00 449.00 948.00 NOTE
r-patched-linux-x86_64 3.0-7 154.83 240.93 395.76 OK
r-patched-solaris-x86 3.0-7 543.90 OK
r-release-linux-x86_64 3.0-7 157.51 242.57 400.08 OK
r-release-windows-ix86+x86_64 3.0-7 477.00 337.00 814.00 NOTE
r-release-osx-x86_64 3.0-7 NOTE
r-oldrel-windows-ix86+x86_64 3.0-7 490.00 398.00 888.00 NOTE
r-oldrel-osx-x86_64 3.0-7 NOTE

Check Details

Version: 3.0-7
Check: installed package size
Result: NOTE
     installed size is 10.4Mb
     sub-directories of 1Mb or more:
     R 2.5Mb
     libs 6.8Mb
Flavors: r-devel-linux-x86_64-fedora-clang, r-devel-windows-ix86+x86_64, r-release-windows-ix86+x86_64, r-release-osx-x86_64, r-oldrel-windows-ix86+x86_64, r-oldrel-osx-x86_64

Version: 3.0-7
Check: dependencies in R code
Result: NOTE
    No protocol specified
    No protocol specified
Flavors: r-release-osx-x86_64, r-oldrel-osx-x86_64