CRAN Package Check Results for Package raster

Last updated on 2019-08-25 21:48:08 CEST.

Flavor Version Tinstall Tcheck Ttotal Status Flags
r-devel-linux-x86_64-debian-clang 2.9-23 185.30 239.38 424.68 OK
r-devel-linux-x86_64-debian-gcc 3.0-2 135.59 185.76 321.35 OK
r-devel-linux-x86_64-fedora-clang 3.0-2 620.67 NOTE
r-devel-linux-x86_64-fedora-gcc 3.0-2 491.26 OK
r-devel-windows-ix86+x86_64 3.0-2 503.00 332.00 835.00 NOTE
r-patched-linux-x86_64 3.0-2 156.79 237.30 394.09 OK
r-patched-solaris-x86 3.0-2 506.00 OK
r-release-linux-x86_64 3.0-2 157.97 239.41 397.38 OK
r-release-windows-ix86+x86_64 3.0-2 497.00 417.00 914.00 NOTE
r-release-osx-x86_64 3.0-2 NOTE
r-oldrel-windows-ix86+x86_64 2.9-23 479.00 396.00 875.00 NOTE
r-oldrel-osx-x86_64 3.0-2 NOTE

Check Details

Version: 3.0-2
Check: installed package size
Result: NOTE
     installed size is 10.4Mb
     sub-directories of 1Mb or more:
     R 2.5Mb
     libs 6.8Mb
Flavors: r-devel-linux-x86_64-fedora-clang, r-devel-windows-ix86+x86_64, r-release-windows-ix86+x86_64, r-release-osx-x86_64, r-oldrel-osx-x86_64

Version: 3.0-2
Check: dependencies in R code
Result: NOTE
    No protocol specified
    No protocol specified
Flavors: r-release-osx-x86_64, r-oldrel-osx-x86_64

Version: 2.9-23
Check: installed package size
Result: NOTE
     installed size is 5.9Mb
     sub-directories of 1Mb or more:
     R 2.5Mb
     libs 2.4Mb
Flavor: r-oldrel-windows-ix86+x86_64