CRAN Package Check Results for Package raster

Last updated on 2020-10-28 01:49:42 CET.

Flavor Version Tinstall Tcheck Ttotal Status Flags
r-devel-linux-x86_64-debian-clang 3.3-13 231.85 283.10 514.95 OK
r-devel-linux-x86_64-debian-gcc 3.3-13 157.30 208.40 365.70 OK
r-devel-linux-x86_64-fedora-clang 3.3-13 670.36 NOTE
r-devel-linux-x86_64-fedora-gcc 3.3-13 614.21 OK
r-devel-windows-ix86+x86_64 3.3-13 474.00 373.00 847.00 NOTE
r-patched-linux-x86_64 3.3-13 OK
r-patched-solaris-x86 3.3-13 585.80 OK
r-release-linux-x86_64 3.3-13 201.72 261.56 463.28 OK
r-release-macos-x86_64 3.3-13 NOTE
r-release-windows-ix86+x86_64 3.3-13 346.00 349.00 695.00 NOTE
r-oldrel-macos-x86_64 3.3-13 NOTE
r-oldrel-windows-ix86+x86_64 3.3-13 392.00 416.00 808.00 NOTE

Check Details

Version: 3.3-13
Check: installed package size
Result: NOTE
     installed size is 11.2Mb
     sub-directories of 1Mb or more:
     R 2.5Mb
     libs 7.6Mb
Flavors: r-devel-linux-x86_64-fedora-clang, r-devel-windows-ix86+x86_64, r-release-macos-x86_64, r-release-windows-ix86+x86_64, r-oldrel-macos-x86_64, r-oldrel-windows-ix86+x86_64

Version: 3.3-13
Check: dependencies in R code
Result: NOTE
    No protocol specified
    No protocol specified
Flavor: r-oldrel-macos-x86_64