CRAN Package Check Results for Package ratematrix

Last updated on 2019-09-17 19:49:51 CEST.

Flavor Version Tinstall Tcheck Ttotal Status Flags
r-devel-linux-x86_64-debian-clang 1.2.1 59.91 128.08 187.99 OK
r-devel-linux-x86_64-debian-gcc 1.2.1 45.51 107.29 152.80 OK
r-devel-linux-x86_64-fedora-clang 1.2.1 245.53 NOTE
r-devel-linux-x86_64-fedora-gcc 1.2.1 236.03 OK
r-devel-windows-ix86+x86_64 1.2.1 141.00 261.00 402.00 OK
r-patched-linux-x86_64 1.2.1 48.05 127.03 175.08 OK
r-patched-solaris-x86 1.2.1 332.40 OK
r-release-linux-x86_64 1.2.1 46.24 142.55 188.79 OK
r-release-windows-ix86+x86_64 1.2.1 100.00 191.00 291.00 OK
r-release-osx-x86_64 1.2.1 NOTE
r-oldrel-windows-ix86+x86_64 1.2.1 129.00 171.00 300.00 OK
r-oldrel-osx-x86_64 1.2.1 NOTE

Check Details

Version: 1.2.1
Check: installed package size
Result: NOTE
     installed size is 5.9Mb
     sub-directories of 1Mb or more:
     libs 4.2Mb
Flavors: r-devel-linux-x86_64-fedora-clang, r-release-osx-x86_64, r-oldrel-osx-x86_64