CRAN Package Check Results for Package raws.profile

Last updated on 2019-09-23 06:50:19 CEST.

Flavor Version Tinstall Tcheck Ttotal Status Flags
r-devel-linux-x86_64-debian-clang 0.1.0 2.08 18.94 21.02 OK
r-devel-linux-x86_64-debian-gcc 0.1.0 1.72 15.24 16.96 OK
r-devel-linux-x86_64-fedora-clang 0.1.0 26.12 NOTE
r-devel-linux-x86_64-fedora-gcc 0.1.0 25.63 NOTE
r-devel-windows-ix86+x86_64 0.1.0 12.00 47.00 59.00 OK
r-patched-linux-x86_64 0.1.0 1.40 18.39 19.79 OK
r-patched-solaris-x86 0.1.0 41.50 NOTE
r-release-linux-x86_64 0.1.0 1.53 18.68 20.21 OK
r-release-windows-ix86+x86_64 0.1.0 10.00 44.00 54.00 OK
r-release-osx-x86_64 0.1.0 NOTE
r-oldrel-windows-ix86+x86_64 0.1.0 3.00 29.00 32.00 OK
r-oldrel-osx-x86_64 0.1.0 NOTE

Check Details

Version: 0.1.0
Check: dependencies in R code
Result: NOTE
    Namespace in Imports field not imported from: ‘withr’
     All declared Imports should be used.
Flavors: r-devel-linux-x86_64-fedora-clang, r-devel-linux-x86_64-fedora-gcc, r-patched-solaris-x86, r-release-osx-x86_64, r-oldrel-osx-x86_64