Last updated on 2025-01-21 19:49:40 CET.
Flavor | Version | Tinstall | Tcheck | Ttotal | Status | Flags |
---|---|---|---|---|---|---|
r-devel-linux-x86_64-debian-clang | 0.11.4 | 134.56 | 54.57 | 189.13 | OK | |
r-devel-linux-x86_64-debian-gcc | 0.11.4 | 107.44 | 37.68 | 145.12 | OK | |
r-devel-linux-x86_64-fedora-clang | 0.11.4 | 332.08 | OK | |||
r-devel-linux-x86_64-fedora-gcc | 0.11.4 | 389.63 | OK | |||
r-devel-windows-x86_64 | 0.11.4 | 143.00 | 107.00 | 250.00 | OK | |
r-patched-linux-x86_64 | 0.11.4 | 149.79 | 50.92 | 200.71 | OK | |
r-release-linux-x86_64 | 0.11.4 | 152.95 | 51.53 | 204.48 | OK | |
r-release-macos-arm64 | 0.11.4 | 81.00 | NOTE | |||
r-release-macos-x86_64 | 0.11.4 | 147.00 | NOTE | |||
r-release-windows-x86_64 | 0.11.4 | 139.00 | 109.00 | 248.00 | OK | |
r-oldrel-macos-arm64 | 0.11.4 | 81.00 | NOTE | |||
r-oldrel-macos-x86_64 | 0.11.4 | 124.00 | NOTE | |||
r-oldrel-windows-x86_64 | 0.11.4 | 164.00 | 124.00 | 288.00 | OK |
Version: 0.11.4
Check: installed package size
Result: NOTE
installed size is 13.6Mb
sub-directories of 1Mb or more:
libs 12.8Mb
Flavors: r-release-macos-arm64, r-release-macos-x86_64, r-oldrel-macos-arm64, r-oldrel-macos-x86_64