Last updated on 2023-06-05 23:09:39 CEST.
Flavor | Version | Tinstall | Tcheck | Ttotal | Status | Flags |
---|---|---|---|---|---|---|
r-devel-linux-x86_64-debian-clang | 1.0.5 | 15.63 | 163.39 | 179.02 | OK | |
r-devel-linux-x86_64-debian-gcc | 1.0.5 | 12.47 | 121.50 | 133.97 | OK | |
r-devel-linux-x86_64-fedora-clang | 1.0.5 | 217.43 | NOTE | |||
r-devel-linux-x86_64-fedora-gcc | 1.0.5 | 218.95 | NOTE | |||
r-devel-windows-x86_64 | 1.0.5 | 14.00 | 134.00 | 148.00 | OK | |
r-patched-linux-x86_64 | 1.0.5 | 9.80 | 154.67 | 164.47 | OK | |
r-release-linux-x86_64 | 1.0.5 | 10.07 | 150.67 | 160.74 | OK | |
r-release-macos-arm64 | 1.0.5 | 75.00 | OK | |||
r-release-macos-x86_64 | 1.0.5 | 124.00 | OK | |||
r-release-windows-x86_64 | 1.0.5 | 18.00 | 163.00 | 181.00 | OK | |
r-oldrel-macos-arm64 | 1.0.5 | 55.00 | NOTE | |||
r-oldrel-macos-x86_64 | 1.0.5 | 145.00 | NOTE | |||
r-oldrel-windows-x86_64 | 1.0.5 | 17.00 | 162.00 | 179.00 | OK |
Version: 1.0.5
Check: data for non-ASCII characters
Result: NOTE
Note: found 8 marked UTF-8 strings
Flavors: r-devel-linux-x86_64-fedora-clang, r-devel-linux-x86_64-fedora-gcc, r-oldrel-macos-arm64, r-oldrel-macos-x86_64