Last updated on 2022-08-12 03:53:35 CEST.
Flavor | Version | Tinstall | Tcheck | Ttotal | Status | Flags |
---|---|---|---|---|---|---|
r-devel-linux-x86_64-debian-clang | 1.1.4 | 165.20 | 496.86 | 662.06 | NOTE | |
r-devel-linux-x86_64-debian-gcc | 1.1.4 | 134.18 | 377.07 | 511.25 | NOTE | |
r-devel-linux-x86_64-fedora-clang | 1.1.4 | 840.47 | NOTE | |||
r-devel-linux-x86_64-fedora-gcc | 1.1.4 | 865.74 | NOTE | |||
r-devel-windows-x86_64 | 1.1.4 | 417.00 | 587.00 | 1004.00 | NOTE | |
r-patched-linux-x86_64 | 1.1.4 | 153.99 | 466.87 | 620.86 | NOTE | |
r-release-linux-x86_64 | 1.1.4 | 150.60 | 476.14 | 626.74 | NOTE | |
r-release-macos-arm64 | 1.1.4 | 182.00 | NOTE | |||
r-release-macos-x86_64 | 1.1.4 | 310.00 | NOTE | |||
r-release-windows-x86_64 | 1.1.4 | 155.00 | 591.00 | 746.00 | NOTE | |
r-oldrel-macos-arm64 | 1.1.4 | 184.00 | NOTE | |||
r-oldrel-macos-x86_64 | 1.1.4 | 303.00 | NOTE | |||
r-oldrel-windows-ix86+x86_64 | 1.1.4 | 340.00 | 1019.00 | 1359.00 | NOTE |
Version: 1.1.4
Check: for GNU extensions in Makefiles
Result: NOTE
GNU make is a SystemRequirements.
Flavors: r-devel-linux-x86_64-debian-clang, r-devel-linux-x86_64-debian-gcc, r-devel-linux-x86_64-fedora-clang, r-devel-linux-x86_64-fedora-gcc, r-devel-windows-x86_64, r-patched-linux-x86_64, r-release-linux-x86_64, r-release-macos-arm64, r-release-macos-x86_64, r-release-windows-x86_64, r-oldrel-macos-arm64, r-oldrel-macos-x86_64, r-oldrel-windows-ix86+x86_64
Version: 1.1.4
Check: dependencies in R code
Result: NOTE
Namespaces in Imports field not imported from:
‘RcppParallel’ ‘rstantools’
All declared Imports should be used.
Flavors: r-devel-linux-x86_64-fedora-clang, r-devel-linux-x86_64-fedora-gcc, r-release-macos-arm64, r-release-macos-x86_64, r-oldrel-macos-arm64, r-oldrel-macos-x86_64
Version: 1.1.4
Check: installed package size
Result: NOTE
installed size is 40.6Mb
sub-directories of 1Mb or more:
libs 39.4Mb
Flavors: r-release-macos-arm64, r-release-macos-x86_64, r-oldrel-macos-arm64, r-oldrel-macos-x86_64, r-oldrel-windows-ix86+x86_64