CRAN Package Check Results for Package rcage

Last updated on 2021-10-28 12:59:28 CEST.

Flavor Version Tinstall Tcheck Ttotal Status Flags
r-devel-linux-x86_64-debian-clang 1.1 36.02 337.11 373.13 OK
r-devel-linux-x86_64-debian-gcc 1.1 30.47 246.59 277.06 OK
r-devel-linux-x86_64-fedora-clang 1.1 445.54 OK
r-devel-linux-x86_64-fedora-gcc 1.1 441.48 OK
r-devel-windows-x86_64 1.1 55.00 267.00 322.00 WARN
r-devel-windows-x86_64-gcc10-UCRT 1.1 WARN
r-patched-linux-x86_64 1.1 32.32 318.30 350.62 OK
r-patched-solaris-x86 1.1 565.40 OK
r-release-linux-x86_64 1.1 31.00 318.65 349.65 OK
r-release-macos-arm64 1.1 OK
r-release-macos-x86_64 1.1 OK
r-release-windows-ix86+x86_64 1.1 57.00 359.00 416.00 OK
r-oldrel-macos-x86_64 1.1 OK
r-oldrel-windows-ix86+x86_64 1.1 53.00 324.00 377.00 OK

Check Details

Version: 1.1
Check: whether package can be installed
Result: WARN
    Found the following significant warnings:
     Warning: 'memory.limit()' is no longer supported
Flavors: r-devel-windows-x86_64, r-devel-windows-x86_64-gcc10-UCRT