CRAN Package Check Results for Package rcanvec

Last updated on 2019-09-15 10:48:13 CEST.

Flavor Version Tinstall Tcheck Ttotal Status Flags
r-devel-linux-x86_64-debian-clang 0.2.1 3.37 30.64 34.01 NOTE
r-devel-linux-x86_64-debian-gcc 0.2.1 2.67 24.79 27.46 NOTE
r-devel-linux-x86_64-fedora-clang 0.2.1 41.05 NOTE
r-devel-linux-x86_64-fedora-gcc 0.2.1 40.07 NOTE
r-devel-windows-ix86+x86_64 0.2.1 13.00 42.00 55.00 OK
r-patched-linux-x86_64 0.2.1 2.87 30.33 33.20 OK
r-patched-solaris-x86 0.2.1 62.70 OK
r-release-linux-x86_64 0.2.1 2.94 30.16 33.10 OK
r-release-windows-ix86+x86_64 0.2.1 9.00 59.00 68.00 OK
r-release-osx-x86_64 0.2.1 OK
r-oldrel-windows-ix86+x86_64 0.2.1 7.00 42.00 49.00 OK
r-oldrel-osx-x86_64 0.2.1 OK

Check Details

Version: 0.2.1
Check: for non-standard things in the check directory
Result: NOTE
    Found the following files/directories:
     'rcanvec.cache'
Flavors: r-devel-linux-x86_64-debian-clang, r-devel-linux-x86_64-debian-gcc, r-devel-linux-x86_64-fedora-clang, r-devel-linux-x86_64-fedora-gcc