CRAN Package Check Results for Package rcanvec

Last updated on 2020-01-23 04:47:49 CET.

Flavor Version Tinstall Tcheck Ttotal Status Flags
r-devel-linux-x86_64-debian-clang 0.2.1 3.44 33.44 36.88 NOTE
r-devel-linux-x86_64-debian-gcc 0.2.1 3.02 27.11 30.13 NOTE
r-devel-linux-x86_64-fedora-clang 0.2.1 46.04 NOTE
r-devel-linux-x86_64-fedora-gcc 0.2.1 44.59 NOTE
r-devel-windows-ix86+x86_64 0.2.1 11.00 69.00 80.00 OK
r-devel-windows-ix86+x86_64-gcc8 0.2.1 15.00 55.00 70.00 OK
r-patched-linux-x86_64 0.2.1 2.95 30.51 33.46 OK
r-patched-solaris-x86 0.2.1 62.80 OK
r-release-linux-x86_64 0.2.1 3.23 30.71 33.94 OK
r-release-windows-ix86+x86_64 0.2.1 11.00 45.00 56.00 OK
r-release-osx-x86_64 0.2.1 OK
r-oldrel-windows-ix86+x86_64 0.2.1 4.00 51.00 55.00 OK
r-oldrel-osx-x86_64 0.2.1 OK

Check Details

Version: 0.2.1
Check: for non-standard things in the check directory
Result: NOTE
    Found the following files/directories:
     'rcanvec.cache'
Flavors: r-devel-linux-x86_64-debian-clang, r-devel-linux-x86_64-debian-gcc, r-devel-linux-x86_64-fedora-clang, r-devel-linux-x86_64-fedora-gcc