CRAN Package Check Results for Package rcdklibs

Last updated on 2022-08-16 13:49:25 CEST.

Flavor Version Tinstall Tcheck Ttotal Status Flags
r-devel-linux-x86_64-debian-clang 2.3 5.58 37.75 43.33 OK
r-devel-linux-x86_64-debian-gcc 2.3 4.34 29.04 33.38 OK
r-devel-linux-x86_64-fedora-clang 2.3 60.03 NOTE
r-devel-linux-x86_64-fedora-gcc 2.3 60.02 OK
r-devel-windows-x86_64 2.3 11.00 60.00 71.00 NOTE
r-patched-linux-x86_64 2.3 4.71 36.92 41.63 OK
r-release-linux-x86_64 2.3 5.42 36.60 42.02 OK
r-release-macos-arm64 2.3 20.00 NOTE
r-release-macos-x86_64 2.3 30.00 NOTE
r-release-windows-x86_64 2.3 10.00 62.00 72.00 NOTE
r-oldrel-macos-arm64 2.3 30.00 NOTE
r-oldrel-macos-x86_64 2.3 43.00 NOTE
r-oldrel-windows-ix86+x86_64 2.3 12.00 42.00 54.00 NOTE

Check Details

Version: 2.3
Check: installed package size
Result: NOTE
     installed size is 25.9Mb
     sub-directories of 1Mb or more:
     cont 25.8Mb
Flavors: r-devel-linux-x86_64-fedora-clang, r-devel-windows-x86_64, r-release-macos-arm64, r-release-macos-x86_64, r-release-windows-x86_64, r-oldrel-macos-arm64, r-oldrel-macos-x86_64, r-oldrel-windows-ix86+x86_64