CRAN Package Check Results for Package rcontroll

Last updated on 2023-09-25 17:02:11 CEST.

Flavor Version Tinstall Tcheck Ttotal Status Flags
r-devel-linux-x86_64-debian-clang 0.1.1 69.96 472.79 542.75 OK
r-devel-linux-x86_64-debian-gcc 0.1.1 53.37 350.72 404.09 OK
r-devel-linux-x86_64-fedora-clang 0.1.1 674.76 NOTE
r-devel-linux-x86_64-fedora-gcc 0.1.1 710.40 NOTE
r-devel-windows-x86_64 0.1.1 58.00 440.00 498.00 OK
r-patched-linux-x86_64 0.1.1 48.79 447.14 495.93 OK
r-release-linux-x86_64 0.1.1 48.42 455.25 503.67 OK
r-release-macos-arm64 0.1.1 230.00 NOTE
r-release-macos-x86_64 0.1.1 396.00 NOTE
r-release-windows-x86_64 0.1.1 79.00 564.00 643.00 OK
r-oldrel-macos-arm64 0.1.1 147.00 ERROR
r-oldrel-macos-x86_64 0.1.1 233.00 ERROR
r-oldrel-windows-x86_64 0.1.1 75.00 543.00 618.00 OK

Check Details

Version: 0.1.1
Check: Rd cross-references
Result: NOTE
    Undeclared packages ‘nominatimlite’, ‘lutz’ in Rd xrefs
Flavor: r-devel-linux-x86_64-fedora-clang

Version: 0.1.1
Check: data for non-ASCII characters
Result: NOTE
     Note: found 1 marked UTF-8 string
Flavors: r-devel-linux-x86_64-fedora-clang, r-devel-linux-x86_64-fedora-gcc

Version: 0.1.1
Check: installed package size
Result: NOTE
     installed size is 6.8Mb
     sub-directories of 1Mb or more:
     libs 4.9Mb
Flavors: r-release-macos-arm64, r-release-macos-x86_64, r-oldrel-macos-arm64, r-oldrel-macos-x86_64

Version: 0.1.1
Check: re-building of vignette outputs
Result: ERROR
    Error(s) in re-building vignettes:
    --- re-building ‘climate.Rmd’ using rmarkdown
    --- finished re-building ‘climate.Rmd’
    
    --- re-building ‘lidar.Rmd’ using rmarkdown
    starting worker pid=7160 on localhost:11452 at 23:10:47.697
    The legacy packages maptools, rgdal, and rgeos, underpinning the sp package,
    which was just loaded, will retire in October 2023.
    Please refer to R-spatial evolution reports for details, especially
    https://r-spatial.org/r/2023/05/15/evolution4.html.
    It may be desirable to make the sf package available;
    package maintainers should consider adding sf to Suggests:.
    The sp package is now running under evolution status 2
     (status 2 uses the sf package in place of rgdal)
    Loading required package: rcontroll
    
    Attaching package: ‘rcontroll’
    
    The following object is masked from ‘package:utils’:
    
     stack
    
    loaded rcontroll and set parent environment
    
    Quitting from lines 76-77 [unnamed-chunk-8] (lidar.Rmd)
    Error: processing vignette 'lidar.Rmd' failed with diagnostics:
    polygon edge not found
    --- failed re-building ‘lidar.Rmd’
    
    --- re-building ‘troll.Rmd’ using rmarkdown
    --- finished re-building ‘troll.Rmd’
    
    --- re-building ‘workflow.Rmd’ using rmarkdown
    --- finished re-building ‘workflow.Rmd’
    
    SUMMARY: processing the following file failed:
     ‘lidar.Rmd’
    
    Error: Vignette re-building failed.
    Execution halted
Flavor: r-oldrel-macos-arm64

Version: 0.1.1
Check: PDF version of manual
Result: WARN
    LaTeX errors when creating PDF version.
    This typically indicates Rd problems.
    LaTeX errors found:
    ! Undefined control sequence.
    <argument> ...end_X(t)+Seasonal_{x,Period}(t \mod
     p [mod Period]) + Irregula...
    l.342 Irregular(t)}{}
    
    ! Undefined control sequence.
    <argument> Seasonal_{x,Period}(t \mod
     p [mod Period])
    l.348 ...nal_{x,Period}(t \mod p [mod Period])}{}
     the seasonal pattern
Flavors: r-oldrel-macos-arm64, r-oldrel-macos-x86_64

Version: 0.1.1
Check: PDF version of manual without index
Result: ERROR
Flavors: r-oldrel-macos-arm64, r-oldrel-macos-x86_64