CRAN Package Check Results for Package rcorpora

Last updated on 2019-09-17 06:48:35 CEST.

Flavor Version Tinstall Tcheck Ttotal Status Flags
r-devel-linux-x86_64-debian-clang 2.0.0 3.64 19.99 23.63 OK
r-devel-linux-x86_64-debian-gcc 2.0.0 OK
r-devel-linux-x86_64-fedora-clang 2.0.0 29.76 NOTE
r-devel-linux-x86_64-fedora-gcc 2.0.0 30.85 OK
r-devel-windows-ix86+x86_64 2.0.0 16.00 34.00 50.00 NOTE
r-patched-linux-x86_64 2.0.0 3.97 19.72 23.69 OK
r-patched-solaris-x86 2.0.0 54.00 NOTE
r-release-linux-x86_64 2.0.0 3.75 20.63 24.38 OK
r-release-windows-ix86+x86_64 2.0.0 9.00 45.00 54.00 NOTE
r-release-osx-x86_64 2.0.0 NOTE
r-oldrel-windows-ix86+x86_64 2.0.0 18.00 32.00 50.00 NOTE
r-oldrel-osx-x86_64 2.0.0 NOTE

Check Details

Version: 2.0.0
Check: installed package size
Result: NOTE
     installed size is 7.8Mb
     sub-directories of 1Mb or more:
     corpora 7.6Mb
Flavors: r-devel-linux-x86_64-fedora-clang, r-devel-windows-ix86+x86_64, r-patched-solaris-x86, r-release-windows-ix86+x86_64, r-release-osx-x86_64, r-oldrel-windows-ix86+x86_64, r-oldrel-osx-x86_64