CRAN Package Check Results for Package rcorpora

Last updated on 2020-02-17 17:52:21 CET.

Flavor Version Tinstall Tcheck Ttotal Status Flags
r-devel-linux-x86_64-debian-clang 2.0.0 5.23 22.36 27.59 OK
r-devel-linux-x86_64-debian-gcc 2.0.0 3.74 17.68 21.42 OK
r-devel-linux-x86_64-fedora-clang 2.0.0 32.58 NOTE
r-devel-linux-x86_64-fedora-gcc 2.0.0 31.50 OK
r-devel-windows-ix86+x86_64 2.0.0 11.00 37.00 48.00 NOTE
r-devel-windows-ix86+x86_64-gcc8 2.0.0 18.00 37.00 55.00 NOTE
r-patched-linux-x86_64 2.0.0 3.47 19.93 23.40 OK
r-patched-solaris-x86 2.0.0 54.40 NOTE
r-release-linux-x86_64 2.0.0 3.78 19.96 23.74 OK
r-release-windows-ix86+x86_64 2.0.0 10.00 36.00 46.00 NOTE
r-release-osx-x86_64 2.0.0 NOTE
r-oldrel-windows-ix86+x86_64 2.0.0 9.00 44.00 53.00 NOTE
r-oldrel-osx-x86_64 2.0.0 NOTE

Check Details

Version: 2.0.0
Check: installed package size
Result: NOTE
     installed size is 7.8Mb
     sub-directories of 1Mb or more:
     corpora 7.6Mb
Flavors: r-devel-linux-x86_64-fedora-clang, r-devel-windows-ix86+x86_64, r-devel-windows-ix86+x86_64-gcc8, r-patched-solaris-x86, r-release-windows-ix86+x86_64, r-release-osx-x86_64, r-oldrel-windows-ix86+x86_64, r-oldrel-osx-x86_64