CRAN Package Check Results for Package rcrossref

Last updated on 2019-12-13 23:51:01 CET.

Flavor Version Tinstall Tcheck Ttotal Status Flags
r-devel-linux-x86_64-debian-clang 0.9.2 8.53 196.44 204.97 OK
r-devel-linux-x86_64-debian-gcc 0.9.2 8.22 151.48 159.70 OK
r-devel-linux-x86_64-fedora-clang 0.9.2 244.32 OK
r-devel-linux-x86_64-fedora-gcc 0.9.2 256.34 OK
r-devel-windows-ix86+x86_64 0.9.2 24.00 281.00 305.00 WARN
r-devel-windows-ix86+x86_64-gcc8 0.9.2 23.00 302.00 325.00 WARN
r-patched-linux-x86_64 0.9.2 8.82 180.71 189.53 OK
r-patched-solaris-x86 0.9.2 299.20 OK
r-release-linux-x86_64 0.9.2 7.78 185.66 193.44 OK
r-release-windows-ix86+x86_64 0.9.2 15.00 185.00 200.00 OK
r-release-osx-x86_64 0.9.2 OK
r-oldrel-windows-ix86+x86_64 0.9.2 11.00 195.00 206.00 OK
r-oldrel-osx-x86_64 0.9.2 OK

Check Details

Version: 0.9.2
Check: R files for syntax errors
Result: WARN
    Warnings in file 'R/crAddins.R':
     unable to translate '<U+25B2>' to native encoding
     unable to translate '<U+25BC>' to native encoding
Flavors: r-devel-windows-ix86+x86_64, r-devel-windows-ix86+x86_64-gcc8