CRAN Package Check Results for Package rdbnomics

Last updated on 2022-08-08 01:54:43 CEST.

Flavor Version Tinstall Tcheck Ttotal Status Flags
r-devel-linux-x86_64-debian-clang 0.6.4 5.05 51.82 56.87 NOTE
r-devel-linux-x86_64-debian-gcc 0.6.4 4.92 38.84 43.76 NOTE
r-devel-linux-x86_64-fedora-clang 0.6.4 79.65 NOTE
r-devel-linux-x86_64-fedora-gcc 0.6.4 76.75 NOTE
r-devel-windows-x86_64 0.6.4 36.00 104.00 140.00 NOTE
r-patched-linux-x86_64 0.6.4 6.20 47.66 53.86 NOTE
r-release-linux-x86_64 0.6.4 6.08 49.19 55.27 NOTE
r-release-macos-arm64 0.6.4 32.00 NOTE
r-release-macos-x86_64 0.6.4 44.00 NOTE
r-release-windows-x86_64 0.6.4 43.00 103.00 146.00 NOTE
r-oldrel-macos-arm64 0.6.4 33.00 NOTE
r-oldrel-macos-x86_64 0.6.4 49.00 NOTE
r-oldrel-windows-ix86+x86_64 0.6.4 12.00 92.00 104.00 NOTE

Check Details

Version: 0.6.4
Check: LazyData
Result: NOTE
     'LazyData' is specified without a 'data' directory
Flavors: r-devel-linux-x86_64-debian-clang, r-devel-linux-x86_64-debian-gcc, r-devel-linux-x86_64-fedora-clang, r-devel-linux-x86_64-fedora-gcc, r-devel-windows-x86_64, r-patched-linux-x86_64, r-release-linux-x86_64, r-release-macos-arm64, r-release-macos-x86_64, r-release-windows-x86_64, r-oldrel-macos-arm64, r-oldrel-macos-x86_64, r-oldrel-windows-ix86+x86_64