CRAN Package Check Results for Package rde

Last updated on 2022-09-27 13:50:27 CEST.

Flavor Version Tinstall Tcheck Ttotal Status Flags
r-devel-linux-x86_64-debian-clang 0.1.0 1.96 29.90 31.86 NOTE
r-devel-linux-x86_64-debian-gcc 0.1.0 1.59 23.41 25.00 NOTE
r-devel-linux-x86_64-fedora-clang 0.1.0 52.55 NOTE
r-devel-linux-x86_64-fedora-gcc 0.1.0 49.00 NOTE
r-devel-windows-x86_64 0.1.0 11.00 60.00 71.00 NOTE
r-patched-linux-x86_64 0.1.0 2.36 29.83 32.19 NOTE
r-release-linux-x86_64 0.1.0 2.20 28.70 30.90 NOTE
r-release-macos-arm64 0.1.0 17.00 NOTE
r-release-macos-x86_64 0.1.0 30.00 NOTE
r-release-windows-x86_64 0.1.0 11.00 58.00 69.00 NOTE
r-oldrel-macos-arm64 0.1.0 19.00 NOTE
r-oldrel-macos-x86_64 0.1.0 31.00 NOTE
r-oldrel-windows-ix86+x86_64 0.1.0 6.00 54.00 60.00 NOTE

Check Details

Version: 0.1.0
Check: LazyData
Result: NOTE
     'LazyData' is specified without a 'data' directory
Flavors: r-devel-linux-x86_64-debian-clang, r-devel-linux-x86_64-debian-gcc, r-devel-linux-x86_64-fedora-clang, r-devel-linux-x86_64-fedora-gcc, r-devel-windows-x86_64, r-patched-linux-x86_64, r-release-linux-x86_64, r-release-macos-arm64, r-release-macos-x86_64, r-release-windows-x86_64, r-oldrel-macos-arm64, r-oldrel-macos-x86_64, r-oldrel-windows-ix86+x86_64