CRAN Package Check Results for Package rdist

Last updated on 2019-09-23 14:47:32 CEST.

Flavor Version Tinstall Tcheck Ttotal Status Flags
r-devel-linux-x86_64-debian-clang 0.0.3 109.73 25.89 135.62 WARN
r-devel-linux-x86_64-debian-gcc 0.0.3 94.45 20.59 115.04 NOTE
r-devel-linux-x86_64-fedora-clang 0.0.3 226.29 WARN
r-devel-linux-x86_64-fedora-gcc 0.0.3 214.94 NOTE
r-devel-windows-ix86+x86_64 0.0.3 292.00 90.00 382.00 OK
r-patched-linux-x86_64 0.0.3 105.26 25.56 130.82 NOTE
r-patched-solaris-x86 0.0.3 181.50 OK
r-release-linux-x86_64 0.0.3 107.34 25.16 132.50 NOTE
r-release-windows-ix86+x86_64 0.0.3 290.00 89.00 379.00 OK
r-release-osx-x86_64 0.0.3 WARN
r-oldrel-windows-ix86+x86_64 0.0.3 204.00 58.00 262.00 OK
r-oldrel-osx-x86_64 0.0.3 WARN

Additional issues

LTO

Check Details

Version: 0.0.3
Check: whether package can be installed
Result: WARN
    Found the following significant warnings:
     dist.cpp:19:33: warning: explicitly assigning value of variable of type 'float' to itself [-Wself-assign]
     dist.cpp:65:33: warning: explicitly assigning value of variable of type 'float' to itself [-Wself-assign]
     dist.cpp:111:36: warning: explicitly assigning value of variable of type 'float' to itself [-Wself-assign]
Flavors: r-devel-linux-x86_64-debian-clang, r-devel-linux-x86_64-fedora-clang, r-release-osx-x86_64, r-oldrel-osx-x86_64

Version: 0.0.3
Check: use of SHLIB_OPENMP_*FLAGS in Makefiles
Result: NOTE
     src/Makevars: SHLIB_OPENMP_CXXFLAGS is included in PKG_CXXFLAGS but not in PKG_LIBS
     src/Makevars: SHLIB_OPENMP_CFLAGS is included in PKG_LIBS but linking is by C++
     src/Makevars.win: SHLIB_OPENMP_CXXFLAGS is included in PKG_CXXFLAGS but not in PKG_LIBS
     src/Makevars.win: SHLIB_OPENMP_CFLAGS is included in PKG_LIBS but linking is by C++
    Use of these macros is discussed in sect 1.2.1.1 of 'Writing R
    Extensions'. The macros for different languages may differ so the
    matching macro must be used in PKG_CXXFLAGS (etc) and match that used
    in PKG_LIBS (except for Fortran: see the manual).
Flavors: r-devel-linux-x86_64-debian-clang, r-devel-linux-x86_64-debian-gcc, r-devel-linux-x86_64-fedora-clang, r-devel-linux-x86_64-fedora-gcc, r-patched-linux-x86_64, r-release-linux-x86_64