CRAN Package Check Results for Package rdist

Last updated on 2020-02-19 23:52:38 CET.

Flavor Version Tinstall Tcheck Ttotal Status Flags
r-devel-linux-x86_64-debian-clang 0.0.4 130.68 29.85 160.53 WARN
r-devel-linux-x86_64-debian-gcc 0.0.4 92.06 22.85 114.91 OK
r-devel-linux-x86_64-fedora-clang 0.0.4 232.92 WARN
r-devel-linux-x86_64-fedora-gcc 0.0.4 218.63 OK
r-devel-windows-ix86+x86_64 0.0.4 248.00 66.00 314.00 OK
r-devel-windows-ix86+x86_64-gcc8 0.0.3 364.00 70.00 434.00 OK
r-patched-linux-x86_64 0.0.4 109.23 26.40 135.63 OK
r-patched-solaris-x86 0.0.4 180.50 OK
r-release-linux-x86_64 0.0.4 110.48 27.42 137.90 OK
r-release-windows-ix86+x86_64 0.0.4 249.00 65.00 314.00 OK
r-release-osx-x86_64 0.0.4 WARN
r-oldrel-windows-ix86+x86_64 0.0.4 301.00 65.00 366.00 OK
r-oldrel-osx-x86_64 0.0.4 WARN

Check Details

Version: 0.0.4
Check: whether package can be installed
Result: WARN
    Found the following significant warnings:
     dist.cpp:19:33: warning: explicitly assigning value of variable of type 'double' to itself [-Wself-assign]
     dist.cpp:65:33: warning: explicitly assigning value of variable of type 'double' to itself [-Wself-assign]
     dist.cpp:111:36: warning: explicitly assigning value of variable of type 'double' to itself [-Wself-assign]
Flavors: r-devel-linux-x86_64-debian-clang, r-devel-linux-x86_64-fedora-clang, r-release-osx-x86_64, r-oldrel-osx-x86_64