CRAN Package Check Results for Package rdtLite

Last updated on 2020-12-03 10:49:13 CET.

Flavor Version Tinstall Tcheck Ttotal Status Flags
r-devel-linux-x86_64-debian-clang 1.3 8.35 48.50 56.85 OK
r-devel-linux-x86_64-debian-gcc 1.3 6.04 37.39 43.43 OK
r-devel-linux-x86_64-fedora-clang 1.3 71.91 NOTE
r-devel-linux-x86_64-fedora-gcc 1.3 73.28 NOTE
r-devel-windows-ix86+x86_64 1.3 12.00 50.00 62.00 OK
r-patched-linux-x86_64 1.3 7.73 47.80 55.53 OK
r-patched-solaris-x86 1.3 87.10 NOTE
r-release-linux-x86_64 1.3 6.61 47.15 53.76 OK
r-release-macos-x86_64 1.3 NOTE
r-release-windows-ix86+x86_64 1.3 9.00 50.00 59.00 OK
r-oldrel-macos-x86_64 1.3 NOTE
r-oldrel-windows-ix86+x86_64 1.3 9.00 62.00 71.00 OK

Check Details

Version: 1.3
Check: dependencies in R code
Result: NOTE
    Namespace in Imports field not imported from: ‘gtools’
     All declared Imports should be used.
Flavors: r-devel-linux-x86_64-fedora-clang, r-devel-linux-x86_64-fedora-gcc, r-patched-solaris-x86, r-release-macos-x86_64, r-oldrel-macos-x86_64