Last updated on 2023-12-02 03:57:52 CET.
Flavor | Version | Tinstall | Tcheck | Ttotal | Status | Flags |
---|---|---|---|---|---|---|
r-devel-linux-x86_64-debian-clang | 0.1.3 | 206.74 | 39.99 | 246.73 | OK | |
r-devel-linux-x86_64-debian-gcc | 0.1.3 | 141.89 | 30.43 | 172.32 | OK | |
r-devel-linux-x86_64-fedora-clang | 0.1.3 | 436.78 | OK | |||
r-devel-linux-x86_64-fedora-gcc | 0.1.3 | 412.17 | OK | |||
r-devel-windows-x86_64 | 0.1.3 | 161.00 | 88.00 | 249.00 | OK | |
r-patched-linux-x86_64 | 0.1.3 | 166.80 | 38.56 | 205.36 | OK | |
r-release-linux-x86_64 | 0.1.2 | 159.12 | 38.09 | 197.21 | NOTE | |
r-release-macos-arm64 | 0.1.3 | 108.00 | NOTE | |||
r-release-macos-x86_64 | 0.1.2 | 157.00 | NOTE | |||
r-release-windows-x86_64 | 0.1.3 | 183.00 | 96.00 | 279.00 | OK | |
r-oldrel-macos-arm64 | 0.1.3 | 78.00 | NOTE | |||
r-oldrel-macos-x86_64 | 0.1.2 | 98.00 | NOTE | |||
r-oldrel-windows-x86_64 | 0.1.3 | 138.00 | 85.00 | 223.00 | OK |
Version: 0.1.2
Check: C++ specification
Result: NOTE
Specified C++11: please drop specification unless essential
Flavors: r-release-linux-x86_64, r-release-macos-x86_64
Version: 0.1.2
Check: Rd files
Result: NOTE
checkRd: (-1) re2_syntax.Rd:539: Escaped LaTeX specials: \_
Flavors: r-release-linux-x86_64, r-release-macos-x86_64
Version: 0.1.3
Check: installed package size
Result: NOTE
installed size is 8.9Mb
sub-directories of 1Mb or more:
libs 8.6Mb
Flavors: r-release-macos-arm64, r-oldrel-macos-arm64
Version: 0.1.2
Check: installed package size
Result: NOTE
installed size is 9.0Mb
sub-directories of 1Mb or more:
libs 8.7Mb
Flavors: r-release-macos-x86_64, r-oldrel-macos-x86_64