Last updated on 2022-08-12 06:49:29 CEST.
Flavor | Version | Tinstall | Tcheck | Ttotal | Status | Flags |
---|---|---|---|---|---|---|
r-devel-linux-x86_64-debian-clang | 2.0.0 | 11.40 | 105.25 | 116.65 | NOTE | |
r-devel-linux-x86_64-debian-gcc | 2.0.0 | 6.34 | 76.77 | 83.11 | NOTE | |
r-devel-linux-x86_64-fedora-clang | 2.0.0 | 141.82 | NOTE | |||
r-devel-linux-x86_64-fedora-gcc | 2.0.0 | 140.14 | NOTE | |||
r-devel-windows-x86_64 | 2.0.0 | 79.00 | 130.00 | 209.00 | NOTE | |
r-patched-linux-x86_64 | 2.0.0 | 11.28 | 97.48 | 108.76 | NOTE | |
r-release-linux-x86_64 | 2.0.0 | 6.82 | 96.58 | 103.40 | NOTE | |
r-release-macos-arm64 | 2.0.0 | 35.00 | NOTE | |||
r-release-macos-x86_64 | 2.0.0 | 68.00 | NOTE | |||
r-release-windows-x86_64 | 2.0.0 | 74.00 | 134.00 | 208.00 | NOTE | |
r-oldrel-macos-arm64 | 2.0.0 | 36.00 | NOTE | |||
r-oldrel-macos-x86_64 | 2.0.0 | 50.00 | NOTE | |||
r-oldrel-windows-ix86+x86_64 | 2.0.0 | 17.00 | 131.00 | 148.00 | NOTE |
Version: 2.0.0
Check: package dependencies
Result: NOTE
Package suggested but not available for checking: 'dataui'
Flavors: r-devel-linux-x86_64-debian-clang, r-devel-linux-x86_64-debian-gcc, r-devel-linux-x86_64-fedora-clang, r-devel-linux-x86_64-fedora-gcc, r-devel-windows-x86_64, r-patched-linux-x86_64, r-release-linux-x86_64, r-release-macos-arm64, r-release-macos-x86_64, r-release-windows-x86_64, r-oldrel-macos-arm64, r-oldrel-macos-x86_64, r-oldrel-windows-ix86+x86_64