CRAN Package Check Results for Package readr

Last updated on 2021-09-27 13:48:40 CEST.

Flavor Version Tinstall Tcheck Ttotal Status Flags
r-devel-linux-x86_64-debian-clang 2.0.1 77.83 115.56 193.39 OK
r-devel-linux-x86_64-debian-gcc 2.0.1 54.71 75.87 130.58 OK
r-devel-linux-x86_64-fedora-clang 2.0.1 264.89 NOTE
r-devel-linux-x86_64-fedora-gcc 2.0.1 207.55 OK
r-devel-windows-x86_64 2.0.1 75.00 119.00 194.00 OK
r-devel-windows-x86_64-gcc10-UCRT 2.0.1 WARN
r-patched-linux-x86_64 2.0.1 71.24 97.45 168.69 OK
r-patched-solaris-x86 2.0.1 228.70 OK
r-release-linux-x86_64 2.0.1 65.60 97.63 163.23 OK
r-release-macos-arm64 2.0.1 NOTE
r-release-macos-x86_64 2.0.1 OK
r-release-windows-ix86+x86_64 2.0.1 191.00 177.00 368.00 OK
r-oldrel-macos-x86_64 2.0.1 OK
r-oldrel-windows-ix86+x86_64 2.0.1 142.00 161.00 303.00 OK

Check Details

Version: 2.0.1
Check: installed package size
Result: NOTE
     installed size is 5.2Mb
     sub-directories of 1Mb or more:
     libs 4.3Mb
Flavors: r-devel-linux-x86_64-fedora-clang, r-release-macos-arm64

Version: 2.0.1
Check: Rd cross-references
Result: NOTE
    Undeclared packages ‘tidyselect’, ‘vctrs’ in Rd xrefs
Flavor: r-devel-linux-x86_64-fedora-clang

Version: 2.0.1
Check: whether package can be installed
Result: WARN
    Found the following significant warnings:
     WARNING: failed to apply patch patches/CRAN/readr.diff
Flavor: r-devel-windows-x86_64-gcc10-UCRT

Version: 2.0.1
Check: re-building of vignette outputs
Result: WARN
    Error(s) in re-building vignettes:
    --- re-building 'locales.Rmd' using rmarkdown
    Quitting from lines 141-166 (locales.Rmd)
    Error: processing vignette 'locales.Rmd' failed with diagnostics:
    translating strings with "bytes" encoding is not allowed
    --- failed re-building 'locales.Rmd'
    
    --- re-building 'readr.Rmd' using rmarkdown
    --- finished re-building 'readr.Rmd'
    
    SUMMARY: processing the following file failed:
     'locales.Rmd'
    
    Error: Vignette re-building failed.
    Execution halted
Flavor: r-devel-windows-x86_64-gcc10-UCRT