CRAN Package Check Results for Package rechonest

Last updated on 2024-04-24 13:55:43 CEST.

Flavor Version Tinstall Tcheck Ttotal Status Flags
r-devel-linux-x86_64-debian-clang 1.2 4.27 36.27 40.54 NOTE
r-devel-linux-x86_64-debian-gcc 1.2 3.30 27.77 31.07 NOTE
r-devel-linux-x86_64-fedora-clang 1.2 50.88 NOTE
r-devel-linux-x86_64-fedora-gcc 1.2 47.93 NOTE
r-devel-windows-x86_64 1.2 6.00 52.00 58.00 NOTE
r-patched-linux-x86_64 1.2 4.57 35.29 39.86 NOTE
r-release-linux-x86_64 1.2 4.37 34.66 39.03 NOTE
r-release-macos-arm64 1.2 20.00 NOTE
r-release-windows-x86_64 1.2 4.00 51.00 55.00 NOTE
r-oldrel-macos-arm64 1.2 21.00 NOTE
r-oldrel-macos-x86_64 1.2 24.00 NOTE
r-oldrel-windows-x86_64 1.2 6.00 54.00 60.00 NOTE

Check Details

Version: 1.2
Check: LazyData
Result: NOTE 'LazyData' is specified without a 'data' directory Flavors: r-devel-linux-x86_64-debian-clang, r-devel-linux-x86_64-debian-gcc, r-devel-linux-x86_64-fedora-clang, r-devel-linux-x86_64-fedora-gcc, r-devel-windows-x86_64, r-patched-linux-x86_64, r-release-linux-x86_64, r-release-macos-arm64, r-release-windows-x86_64, r-oldrel-macos-arm64, r-oldrel-macos-x86_64, r-oldrel-windows-x86_64