CRAN Package Check Results for Package rechonest

Last updated on 2021-04-15 06:47:56 CEST.

Flavor Version Tinstall Tcheck Ttotal Status Flags
r-devel-linux-x86_64-debian-clang 1.2 3.79 33.73 37.52 NOTE
r-devel-linux-x86_64-debian-gcc 1.2 2.95 26.70 29.65 NOTE
r-devel-linux-x86_64-fedora-clang 1.2 54.55 NOTE
r-devel-linux-x86_64-fedora-gcc 1.2 44.30 NOTE
r-devel-windows-ix86+x86_64 1.2 8.00 41.00 49.00 NOTE
r-devel-windows-x86_64-gcc10-UCRT 1.2 NOTE
r-patched-linux-x86_64 1.2 3.41 32.33 35.74 OK
r-patched-solaris-x86 1.2 64.50 OK
r-release-linux-x86_64 1.2 3.51 31.89 35.40 OK
r-release-macos-x86_64 1.2 OK
r-release-windows-ix86+x86_64 1.2 27.00 51.00 78.00 OK
r-oldrel-macos-x86_64 1.2 OK
r-oldrel-windows-ix86+x86_64 1.2 7.00 37.00 44.00 OK

Check Details

Version: 1.2
Check: LazyData
Result: NOTE
     'LazyData' is specified without a 'data' directory
Flavors: r-devel-linux-x86_64-debian-clang, r-devel-linux-x86_64-debian-gcc, r-devel-linux-x86_64-fedora-clang, r-devel-linux-x86_64-fedora-gcc, r-devel-windows-ix86+x86_64, r-devel-windows-x86_64-gcc10-UCRT