CRAN Package Check Results for Package recipes

Last updated on 2020-08-13 11:50:16 CEST.

Flavor Version Tinstall Tcheck Ttotal Status Flags
r-devel-linux-x86_64-debian-clang 0.1.13 1.00 2.75 3.75 ERROR
r-devel-linux-x86_64-debian-gcc 0.1.13 16.52 216.16 232.68 OK
r-devel-linux-x86_64-fedora-clang 0.1.13 362.42 OK
r-devel-linux-x86_64-fedora-gcc 0.1.13 356.12 OK
r-devel-windows-ix86+x86_64 0.1.13 54.00 397.00 451.00 OK
r-patched-linux-x86_64 0.1.13 19.40 277.47 296.87 OK
r-patched-solaris-x86 0.1.13 473.70 OK
r-release-linux-x86_64 0.1.13 0.64 2.81 3.45 ERROR
r-release-macos-x86_64 0.1.13 OK
r-release-windows-ix86+x86_64 0.1.13 53.00 415.00 468.00 OK
r-oldrel-macos-x86_64 0.1.13 OK
r-oldrel-windows-ix86+x86_64 0.1.13 30.00 299.00 329.00 OK

Check Details

Version: 0.1.13
Check: package dependencies
Result: ERROR
    Package required but not available: 'tidyr'
    
    Package suggested but not available for checking: 'rsample'
    
    See section 'The DESCRIPTION file' in the 'Writing R Extensions'
    manual.
Flavors: r-devel-linux-x86_64-debian-clang, r-release-linux-x86_64