CRAN Package Check Results for Package recipes

Last updated on 2021-11-28 17:50:24 CET.

Flavor Version Tinstall Tcheck Ttotal Status Flags
r-devel-linux-x86_64-debian-clang 0.1.17 OK
r-devel-linux-x86_64-debian-gcc 0.1.17 20.00 240.44 260.44 OK
r-devel-linux-x86_64-fedora-clang 0.1.17 394.91 NOTE
r-devel-linux-x86_64-fedora-gcc 0.1.17 388.95 OK
r-devel-windows-x86_64-new-UL 0.1.17 62.00 426.00 488.00 OK
r-devel-windows-x86_64-new-TK 0.1.17 OK
r-devel-windows-x86_64-old 0.1.17 28.00 395.00 423.00 OK
r-patched-linux-x86_64 0.1.17 30.76 312.78 343.54 OK
r-patched-solaris-x86 0.1.17 475.80 OK
r-release-linux-x86_64 0.1.17 23.35 310.93 334.28 OK
r-release-macos-arm64 0.1.17 OK
r-release-macos-x86_64 0.1.17 OK
r-release-windows-ix86+x86_64 0.1.17 45.00 305.00 350.00 OK
r-oldrel-macos-x86_64 0.1.17 OK
r-oldrel-windows-ix86+x86_64 0.1.17 48.00 405.00 453.00 OK

Check Details

Version: 0.1.17
Check: Rd cross-references
Result: NOTE
    Undeclared package ‘hardhat’ in Rd xrefs
Flavor: r-devel-linux-x86_64-fedora-clang