CRAN Package Check Results for Package redshiftTools

Last updated on 2019-09-22 08:48:24 CEST.

Flavor Version Tinstall Tcheck Ttotal Status Flags
r-devel-linux-x86_64-debian-clang 1.0.1 3.40 33.87 37.27 OK
r-devel-linux-x86_64-debian-gcc 1.0.1 2.79 26.79 29.58 OK
r-devel-linux-x86_64-fedora-clang 1.0.1 45.79 OK
r-devel-linux-x86_64-fedora-gcc 1.0.1 47.27 OK
r-devel-windows-ix86+x86_64 1.0.1 21.00 67.00 88.00 OK
r-patched-linux-x86_64 1.0.1 3.30 32.61 35.91 OK
r-patched-solaris-x86 1.0.1 66.40 NOTE
r-release-linux-x86_64 1.0.1 2.92 32.87 35.79 OK
r-release-windows-ix86+x86_64 1.0.1 13.00 69.00 82.00 OK
r-release-osx-x86_64 1.0.1 OK
r-oldrel-windows-ix86+x86_64 1.0.1 9.00 73.00 82.00 OK
r-oldrel-osx-x86_64 1.0.1 OK

Check Details

Version: 1.0.1
Check: package dependencies
Result: NOTE
    Package suggested but not available for checking: ‘RPostgres’
Flavor: r-patched-solaris-x86