CRAN Package Check Results for Package regions

Last updated on 2022-09-29 18:49:04 CEST.

Flavor Version Tinstall Tcheck Ttotal Status Flags
r-devel-linux-x86_64-debian-clang 0.1.8 10.25 95.41 105.66 OK
r-devel-linux-x86_64-debian-gcc 0.1.8 8.68 73.55 82.23 OK
r-devel-linux-x86_64-fedora-clang 0.1.8 142.45 NOTE
r-devel-linux-x86_64-fedora-gcc 0.1.8 134.33 NOTE
r-devel-windows-x86_64 0.1.8 34.00 156.00 190.00 OK
r-patched-linux-x86_64 0.1.8 10.54 89.74 100.28 OK
r-release-linux-x86_64 0.1.8 10.62 89.20 99.82 OK
r-release-macos-arm64 0.1.8 44.00 NOTE
r-release-macos-x86_64 0.1.8 87.00 NOTE
r-release-windows-x86_64 0.1.8 30.00 143.00 173.00 OK
r-oldrel-macos-arm64 0.1.8 42.00 NOTE
r-oldrel-macos-x86_64 0.1.8 59.00 NOTE
r-oldrel-windows-ix86+x86_64 0.1.8 24.00 142.00 166.00 OK

Check Details

Version: 0.1.8
Check: data for non-ASCII characters
Result: NOTE
     Note: found 2 marked Latin-1 strings
     Note: found 50022 marked UTF-8 strings
Flavors: r-devel-linux-x86_64-fedora-clang, r-devel-linux-x86_64-fedora-gcc, r-release-macos-arm64, r-release-macos-x86_64, r-oldrel-macos-arm64, r-oldrel-macos-x86_64