CRAN Package Check Results for Package regplot

Last updated on 2019-09-22 09:47:13 CEST.

Flavor Version Tinstall Tcheck Ttotal Status Flags
r-devel-linux-x86_64-debian-clang 0.2 12.22 64.78 77.00 OK
r-devel-linux-x86_64-debian-gcc 0.2 8.95 52.04 60.99 OK
r-devel-linux-x86_64-fedora-clang 0.2 94.90 OK
r-devel-linux-x86_64-fedora-gcc 0.2 98.39 OK
r-devel-windows-ix86+x86_64 0.2 25.00 70.00 95.00 OK
r-patched-linux-x86_64 0.2 10.69 64.47 75.16 OK
r-patched-solaris-x86 0.2 143.60 OK
r-release-linux-x86_64 0.2 11.51 64.96 76.47 OK
r-release-windows-ix86+x86_64 0.2 14.00 73.00 87.00 OK
r-release-osx-x86_64 0.2 FAIL
r-oldrel-windows-ix86+x86_64 0.2 11.00 77.00 88.00 OK
r-oldrel-osx-x86_64 0.2 OK

Check Details

Version: 0.2
Check: whether package can be installed
Result: FAIL
    
Flavor: r-release-osx-x86_64