CRAN Package Check Results for Package regplot

Last updated on 2020-02-27 20:48:37 CET.

Flavor Version Tinstall Tcheck Ttotal Status Flags
r-devel-linux-x86_64-debian-clang 1.0 19.75 97.53 117.28 OK
r-devel-linux-x86_64-debian-gcc 1.0 17.09 75.55 92.64 OK
r-devel-linux-x86_64-fedora-clang 1.0 144.37 OK
r-devel-linux-x86_64-fedora-gcc 1.0 144.39 OK
r-devel-windows-ix86+x86_64 1.0 25.00 86.00 111.00 OK
r-devel-windows-ix86+x86_64-gcc8 1.0 28.00 93.00 121.00 OK
r-patched-linux-x86_64 1.0 19.09 88.43 107.52 OK
r-patched-solaris-x86 1.0 205.90 OK
r-release-linux-x86_64 1.0 18.22 88.49 106.71 OK
r-release-windows-ix86+x86_64 1.0 24.00 85.00 109.00 OK
r-release-osx-x86_64 1.0 WARN
r-oldrel-windows-ix86+x86_64 1.0 14.00 93.00 107.00 OK
r-oldrel-osx-x86_64 1.0 OK

Check Details

Version: 1.0
Check: dependencies in R code
Result: NOTE
    No protocol specified
    No protocol specified
Flavor: r-release-osx-x86_64

Version: 1.0
Check: S3 generic/method consistency
Result: WARN
    No protocol specified
    No protocol specified
    See section ‘Generic functions and methods’ in the ‘Writing R
    Extensions’ manual.
Flavor: r-release-osx-x86_64

Version: 1.0
Check: replacement functions
Result: WARN
    No protocol specified
    No protocol specified
    The argument of a replacement function which corresponds to the right
    hand side must be named ‘value’.
Flavor: r-release-osx-x86_64

Version: 1.0
Check: foreign function calls
Result: NOTE
    No protocol specified
    No protocol specified
    See chapter ‘System and foreign language interfaces’ in the ‘Writing R
    Extensions’ manual.
Flavor: r-release-osx-x86_64

Version: 1.0
Check: R code for possible problems
Result: NOTE
    No protocol specified
    No protocol specified
Flavor: r-release-osx-x86_64

Version: 1.0
Check: for missing documentation entries
Result: WARN
    No protocol specified
    No protocol specified
    All user-level objects in a package should have documentation entries.
    See chapter ‘Writing R documentation files’ in the ‘Writing R
    Extensions’ manual.
Flavor: r-release-osx-x86_64

Version: 1.0
Check: for code/documentation mismatches
Result: WARN
    No protocol specified
    No protocol specified
    No protocol specified
    No protocol specified
    No protocol specified
    No protocol specified
Flavor: r-release-osx-x86_64

Version: 1.0
Check: Rd \usage sections
Result: NOTE
    No protocol specified
    No protocol specified
    The \usage entries for S3 methods should use the \method markup and not
    their full name.
    See chapter ‘Writing R documentation files’ in the ‘Writing R
    Extensions’ manual.
Flavor: r-release-osx-x86_64