Last updated on 2021-03-01 20:49:15 CET.
Flavor | Version | Tinstall | Tcheck | Ttotal | Status | Flags |
---|---|---|---|---|---|---|
r-devel-linux-x86_64-debian-clang | 1.1.9 | OK | ||||
r-devel-linux-x86_64-debian-gcc | 1.1.9 | 6.01 | 51.65 | 57.66 | OK | |
r-devel-linux-x86_64-fedora-clang | 1.1.9 | 97.92 | NOTE | |||
r-devel-linux-x86_64-fedora-gcc | 1.1.9 | 86.22 | NOTE | |||
r-devel-windows-ix86+x86_64 | 1.1.9 | 14.00 | 86.00 | 100.00 | OK | |
r-patched-linux-x86_64 | 1.1.9 | 6.82 | 64.25 | 71.07 | OK | |
r-patched-solaris-x86 | 1.1.9 | 125.90 | NOTE | |||
r-release-linux-x86_64 | 1.1.9 | 6.73 | 64.72 | 71.45 | OK | |
r-release-macos-x86_64 | 1.1.9 | NOTE | ||||
r-release-windows-ix86+x86_64 | 1.1.9 | 21.00 | 77.00 | 98.00 | OK | |
r-oldrel-macos-x86_64 | 1.1.9 | NOTE | ||||
r-oldrel-windows-ix86+x86_64 | 1.1.9 | 13.00 | 89.00 | 102.00 | OK |
Version: 1.1.9
Check: package dependencies
Result: NOTE
Imports includes 24 non-default packages.
Importing from so many packages makes the package vulnerable to any of
them becoming unavailable. Move as many as possible to Suggests and
use conditionally.
Flavor: r-devel-linux-x86_64-fedora-clang
Version: 1.1.9
Check: dependencies in R code
Result: NOTE
Namespaces in Imports field not imported from:
‘ROCR’ ‘colourpicker’ ‘corrplot’ ‘e1071’ ‘flexdashboard’ ‘gbm’
‘glmnet’ ‘kknn’ ‘neuralnet’ ‘rattle’ ‘rpart’ ‘shinyWidgets’
‘shinydashboardPlus’ ‘shinyjs’ ‘xgboost’ ‘zip’
All declared Imports should be used.
Flavors: r-devel-linux-x86_64-fedora-clang, r-devel-linux-x86_64-fedora-gcc, r-patched-solaris-x86, r-release-macos-x86_64, r-oldrel-macos-x86_64